CRAN Package Check Results for Package spatialwidget

Last updated on 2019-07-15 00:50:52 CEST.

Flavor Version Tinstall Tcheck Ttotal Status Flags
r-devel-linux-x86_64-debian-clang 0.2 159.40 29.25 188.65 OK
r-devel-linux-x86_64-debian-gcc 0.2 241.38 23.95 265.33 OK
r-devel-linux-x86_64-fedora-clang 0.2 290.94 NOTE
r-devel-linux-x86_64-fedora-gcc 0.2 522.80 OK
r-devel-windows-ix86+x86_64 0.2 323.00 69.00 392.00 NOTE
r-patched-linux-x86_64 0.2 274.18 30.10 304.28 OK
r-patched-solaris-x86 0.2 268.80 OK
r-release-linux-x86_64 0.2 267.50 29.39 296.89 OK
r-release-windows-ix86+x86_64 0.2 335.00 84.00 419.00 NOTE
r-release-osx-x86_64 0.2 NOTE
r-oldrel-windows-ix86+x86_64 0.2 444.00 98.00 542.00 NOTE
r-oldrel-osx-x86_64 0.2 NOTE

Check Details

Version: 0.2
Check: installed package size
Result: NOTE
     installed size is 16.7Mb
     sub-directories of 1Mb or more:
     doc 1.2Mb
     libs 15.1Mb
Flavors: r-devel-linux-x86_64-fedora-clang, r-devel-windows-ix86+x86_64, r-release-windows-ix86+x86_64, r-release-osx-x86_64, r-oldrel-windows-ix86+x86_64, r-oldrel-osx-x86_64