CRAN Package Check Results for Package spatialwidget

Last updated on 2019-11-10 23:48:41 CET.

Flavor Version Tinstall Tcheck Ttotal Status Flags
r-devel-linux-x86_64-debian-clang 0.2 178.55 30.36 208.91 OK
r-devel-linux-x86_64-debian-gcc 0.2 211.67 24.77 236.44 OK
r-devel-linux-x86_64-fedora-clang 0.2 312.24 NOTE
r-devel-linux-x86_64-fedora-gcc 0.2 489.49 OK
r-devel-windows-ix86+x86_64 0.2 356.00 78.00 434.00 NOTE
r-patched-linux-x86_64 0.2 210.00 30.05 240.05 OK
r-patched-solaris-x86 0.2 259.00 OK
r-release-linux-x86_64 0.2 209.89 29.75 239.64 OK
r-release-windows-ix86+x86_64 0.2 459.00 105.00 564.00 NOTE
r-release-osx-x86_64 0.2 NOTE
r-oldrel-windows-ix86+x86_64 0.2 445.00 89.00 534.00 NOTE
r-oldrel-osx-x86_64 0.2 NOTE

Check Details

Version: 0.2
Check: installed package size
Result: NOTE
     installed size is 18.8Mb
     sub-directories of 1Mb or more:
     doc 1.2Mb
     libs 17.2Mb
Flavors: r-devel-linux-x86_64-fedora-clang, r-devel-windows-ix86+x86_64, r-release-windows-ix86+x86_64, r-release-osx-x86_64, r-oldrel-windows-ix86+x86_64, r-oldrel-osx-x86_64