Last updated on 2023-01-27 23:38:10 CET.
Flavor | Version | Tinstall | Tcheck | Ttotal | Status | Flags |
---|---|---|---|---|---|---|
r-devel-linux-x86_64-debian-clang | 1.0 | 15.68 | 153.47 | 169.15 | NOTE | |
r-devel-linux-x86_64-debian-gcc | 1.0 | 13.37 | 113.25 | 126.62 | NOTE | |
r-devel-linux-x86_64-fedora-clang | 1.0 | 205.22 | NOTE | |||
r-devel-linux-x86_64-fedora-gcc | 1.0 | 201.62 | NOTE | |||
r-patched-linux-x86_64 | 1.0 | 15.24 | 141.97 | 157.21 | OK | |
r-release-linux-x86_64 | 1.0 | 15.86 | 146.21 | 162.07 | OK | |
r-release-macos-arm64 | 1.0 | 107.00 | OK | |||
r-release-macos-x86_64 | 1.0 | 148.00 | OK | |||
r-release-windows-x86_64 | 1.0 | 82.00 | 174.00 | 256.00 | OK | |
r-oldrel-macos-arm64 | 1.0 | 102.00 | OK | |||
r-oldrel-macos-x86_64 | 1.0 | 154.00 | OK | |||
r-oldrel-windows-ix86+x86_64 | 1.0 | 36.00 | 160.00 | 196.00 | OK |
Version: 1.0
Check: Rd files
Result: NOTE
checkRd: (-1) sarorderedprobit.Rd:84: Escaped LaTeX specials: \#
Flavors: r-devel-linux-x86_64-debian-clang, r-devel-linux-x86_64-debian-gcc, r-devel-linux-x86_64-fedora-clang, r-devel-linux-x86_64-fedora-gcc