Last updated on 2022-06-28 23:54:16 CEST.
Flavor | Version | Tinstall | Tcheck | Ttotal | Status | Flags |
---|---|---|---|---|---|---|
r-devel-linux-x86_64-debian-clang | 1.2 | 79.82 | 134.30 | 214.12 | OK | |
r-devel-linux-x86_64-debian-gcc | 1.2 | 59.53 | 100.88 | 160.41 | OK | |
r-devel-linux-x86_64-fedora-clang | 1.2 | 285.28 | NOTE | |||
r-devel-linux-x86_64-fedora-gcc | 1.2 | 266.59 | NOTE | |||
r-devel-windows-x86_64 | 1.2 | 73.00 | 167.00 | 240.00 | OK | |
r-patched-linux-x86_64 | 1.2 | 69.23 | 125.83 | 195.06 | OK | |
r-release-linux-x86_64 | 1.2 | 65.97 | 127.72 | 193.69 | OK | |
r-release-macos-arm64 | 1.2 | 67.00 | OK | |||
r-release-macos-x86_64 | 1.2 | 129.00 | OK | |||
r-release-windows-x86_64 | 1.2 | 65.00 | 159.00 | 224.00 | OK | |
r-oldrel-macos-arm64 | 1.2 | 74.00 | OK | |||
r-oldrel-macos-x86_64 | 1.2 | 130.00 | OK | |||
r-oldrel-windows-ix86+x86_64 | 1.2 | 188.00 | 200.00 | 388.00 | OK |
Version: 1.2
Check: compiled code
Result: NOTE
File ‘sparsereg/libs/sparsereg.so’:
Found no calls to: ‘R_registerRoutines’, ‘R_useDynamicSymbols’
It is good practice to register native routines and to disable symbol
search.
See ‘Writing portable packages’ in the ‘Writing R Extensions’ manual.
Flavors: r-devel-linux-x86_64-fedora-clang, r-devel-linux-x86_64-fedora-gcc