CRAN Package Check Results for Package sparsebn

Last updated on 2021-04-22 23:49:55 CEST.

Flavor Version Tinstall Tcheck Ttotal Status Flags
r-devel-linux-x86_64-debian-clang 0.1.2 3.47 115.32 118.79 OK
r-devel-linux-x86_64-debian-gcc 0.1.2 2.65 93.37 96.02 OK
r-devel-linux-x86_64-fedora-clang 0.1.2 146.10 OK
r-devel-linux-x86_64-fedora-gcc 0.1.2 150.24 OK
r-devel-windows-ix86+x86_64 0.1.2 8.00 146.00 154.00 OK
r-devel-windows-x86_64-gcc10-UCRT 0.1.2 OK
r-patched-linux-x86_64 0.1.2 5.97 121.35 127.32 WARN
r-patched-solaris-x86 0.1.2 224.10 OK
r-release-linux-x86_64 0.1.2 3.44 121.19 124.63 OK
r-release-macos-x86_64 0.1.2 OK
r-release-windows-ix86+x86_64 0.1.2 8.00 153.00 161.00 OK
r-oldrel-macos-x86_64 0.1.2 OK
r-oldrel-windows-ix86+x86_64 0.1.2 15.00 137.00 152.00 OK

Check Details

Version: 0.1.2
Check: whether package can be installed
Result: WARN
    Found the following significant warnings:
     Rd warning: /tmp/RtmphwWgS7/R.INSTALL64a17956a201/sparsebn/man/plotDAG.Rd:15: file link ‘igraph’ in package ‘igraph’ does not exist and so has been treated as a topic
Flavor: r-patched-linux-x86_64