CRAN Package Check Results for Package sparkxgb

Last updated on 2022-11-29 22:53:48 CET.

Flavor Version Tinstall Tcheck Ttotal Status Flags
r-devel-linux-x86_64-debian-clang 0.1.1 7.94 66.35 74.29 NOTE
r-devel-linux-x86_64-debian-gcc 0.1.1 6.79 48.41 55.20 NOTE
r-devel-linux-x86_64-fedora-clang 0.1.1 103.69 NOTE
r-devel-linux-x86_64-fedora-gcc 0.1.1 98.89 NOTE
r-devel-windows-x86_64 0.1.1 18.00 92.00 110.00 NOTE
r-patched-linux-x86_64 0.1.1 11.71 62.40 74.11 NOTE
r-release-linux-x86_64 0.1.1 5.46 60.24 65.70 NOTE
r-release-macos-arm64 0.1.1 28.00 NOTE
r-release-macos-x86_64 0.1.1 51.00 NOTE
r-release-windows-x86_64 0.1.1 14.00 94.00 108.00 NOTE
r-oldrel-macos-arm64 0.1.1 31.00 NOTE
r-oldrel-macos-x86_64 0.1.1 50.00 NOTE
r-oldrel-windows-ix86+x86_64 0.1.1 19.00 89.00 108.00 NOTE

Check Details

Version: 0.1.1
Check: LazyData
Result: NOTE
     'LazyData' is specified without a 'data' directory
Flavors: r-devel-linux-x86_64-debian-clang, r-devel-linux-x86_64-debian-gcc, r-devel-linux-x86_64-fedora-clang, r-devel-linux-x86_64-fedora-gcc, r-devel-windows-x86_64, r-patched-linux-x86_64, r-release-linux-x86_64, r-release-macos-arm64, r-release-macos-x86_64, r-release-windows-x86_64, r-oldrel-macos-arm64, r-oldrel-macos-x86_64, r-oldrel-windows-ix86+x86_64