CRAN Package Check Results for Package sparklyr

Last updated on 2020-05-24 23:47:56 CEST.

Flavor Version Tinstall Tcheck Ttotal Status Flags
r-devel-linux-x86_64-debian-clang 1.2.0 28.68 137.76 166.44 OK
r-devel-linux-x86_64-debian-gcc 1.2.0 23.00 102.76 125.76 OK
r-devel-linux-x86_64-fedora-clang 1.2.0 207.10 NOTE
r-devel-linux-x86_64-fedora-gcc 1.2.0 203.88 OK
r-devel-windows-ix86+x86_64 1.2.0 66.00 189.00 255.00 OK
r-patched-linux-x86_64 1.2.0 25.99 136.41 162.40 OK
r-patched-solaris-x86 1.2.0 265.30 NOTE
r-release-linux-x86_64 1.2.0 26.95 135.85 162.80 OK
r-release-osx-x86_64 1.2.0 OK
r-release-windows-ix86+x86_64 1.2.0 68.00 215.00 283.00 OK
r-oldrel-osx-x86_64 1.2.0 OK
r-oldrel-windows-ix86+x86_64 1.2.0 39.00 175.00 214.00 OK

Check Details

Version: 1.2.0
Check: package dependencies
Result: NOTE
    Imports includes 25 non-default packages.
    Importing from so many packages makes the package vulnerable to any of
    them becoming unavailable. Move as many as possible to Suggests and
    use conditionally.
Flavor: r-devel-linux-x86_64-fedora-clang

Version: 1.2.0
Check: installed package size
Result: NOTE
     installed size is 5.6Mb
     sub-directories of 1Mb or more:
     R 1.4Mb
     java 3.1Mb
Flavor: r-patched-solaris-x86