CRAN Package Check Results for Package spaero

Last updated on 2020-01-19 23:46:58 CET.

Flavor Version Tinstall Tcheck Ttotal Status Flags
r-devel-linux-x86_64-debian-clang 0.5.0 2.18 71.99 74.17 OK
r-devel-linux-x86_64-debian-gcc 0.5.0 1.80 50.96 52.76 OK
r-devel-linux-x86_64-fedora-clang 0.5.0 89.78 OK
r-devel-linux-x86_64-fedora-gcc 0.5.0 80.93 OK
r-devel-windows-ix86+x86_64 0.5.0 7.00 108.00 115.00 OK
r-devel-windows-ix86+x86_64-gcc8 0.5.0 6.00 115.00 121.00 OK
r-patched-linux-x86_64 0.5.0 1.62 62.06 63.68 OK
r-patched-solaris-x86 0.5.0 113.60 OK
r-release-linux-x86_64 0.5.0 1.87 62.93 64.80 OK
r-release-windows-ix86+x86_64 0.5.0 8.00 81.00 89.00 OK
r-release-osx-x86_64 0.5.0 NOTE
r-oldrel-windows-ix86+x86_64 0.5.0 3.00 78.00 81.00 OK
r-oldrel-osx-x86_64 0.5.0 NOTE

Check Details

Version: 0.5.0
Check: dependencies in R code
Result: NOTE
    Missing or unexported objects:
     ‘pomp::covariate_table’ ‘pomp::gillespie_hl’
Flavors: r-release-osx-x86_64, r-oldrel-osx-x86_64