CRAN Package Check Results for Package spaero

Last updated on 2019-08-18 23:47:45 CEST.

Flavor Version Tinstall Tcheck Ttotal Status Flags
r-devel-linux-x86_64-debian-clang 0.5.0 2.16 68.09 70.25 OK
r-devel-linux-x86_64-debian-gcc 0.5.0 1.75 49.78 51.53 OK
r-devel-linux-x86_64-fedora-clang 0.5.0 84.35 OK
r-devel-linux-x86_64-fedora-gcc 0.5.0 77.89 OK
r-devel-windows-ix86+x86_64 0.5.0 6.00 89.00 95.00 OK
r-patched-linux-x86_64 0.5.0 1.81 62.07 63.88 OK
r-patched-solaris-x86 0.5.0 130.30 OK
r-release-linux-x86_64 0.5.0 1.68 63.42 65.10 OK
r-release-windows-ix86+x86_64 0.5.0 5.00 83.00 88.00 OK
r-release-osx-x86_64 0.5.0 NOTE
r-oldrel-windows-ix86+x86_64 0.5.0 4.00 106.00 110.00 OK
r-oldrel-osx-x86_64 0.5.0 NOTE

Check Details

Version: 0.5.0
Check: dependencies in R code
Result: NOTE
    Missing or unexported objects:
     ‘pomp::covariate_table’ ‘pomp::gillespie_hl’
Flavors: r-release-osx-x86_64, r-oldrel-osx-x86_64