CRAN Package Check Results for Package spacyr

Last updated on 2022-11-25 22:51:44 CET.

Flavor Version Tinstall Tcheck Ttotal Status Flags
r-devel-linux-x86_64-debian-clang 1.2.1 9.30 91.35 100.65 OK
r-devel-linux-x86_64-debian-gcc 1.2.1 9.03 68.49 77.52 OK
r-devel-linux-x86_64-fedora-clang 1.2.1 137.51 NOTE
r-devel-linux-x86_64-fedora-gcc 1.2.1 129.95 NOTE
r-devel-windows-x86_64 1.2.1 30.00 123.00 153.00 OK
r-patched-linux-x86_64 1.2.1 OK
r-release-linux-x86_64 1.2.1 11.37 85.36 96.73 OK
r-release-macos-arm64 1.2.1 34.00 NOTE
r-release-macos-x86_64 1.2.1 52.00 NOTE
r-release-windows-x86_64 1.2.1 33.00 116.00 149.00 OK
r-oldrel-macos-arm64 1.2.1 43.00 NOTE
r-oldrel-macos-x86_64 1.2.1 61.00 NOTE
r-oldrel-windows-ix86+x86_64 1.2.1 23.00 112.00 135.00 OK

Additional issues

donttest

Check Details

Version: 1.2.1
Check: data for non-ASCII characters
Result: NOTE
     Note: found 1 marked UTF-8 string
Flavors: r-devel-linux-x86_64-fedora-clang, r-devel-linux-x86_64-fedora-gcc, r-release-macos-arm64, r-release-macos-x86_64, r-oldrel-macos-arm64, r-oldrel-macos-x86_64