CRAN Package Check Results for Package spacetime

Last updated on 2020-02-17 00:49:28 CET.

Flavor Version Tinstall Tcheck Ttotal Status Flags
r-devel-linux-x86_64-debian-clang 1.2-3 15.30 162.75 178.05 OK
r-devel-linux-x86_64-debian-gcc 1.2-3 12.62 130.38 143.00 NOTE
r-devel-linux-x86_64-fedora-clang 1.2-3 229.23 NOTE
r-devel-linux-x86_64-fedora-gcc 1.2-3 224.91 OK
r-devel-windows-ix86+x86_64 1.2-3 23.00 187.00 210.00 OK
r-devel-windows-ix86+x86_64-gcc8 1.2-3 33.00 185.00 218.00 OK
r-patched-linux-x86_64 1.2-3 13.36 150.39 163.75 OK
r-patched-solaris-x86 1.2-3 289.90 OK
r-release-linux-x86_64 1.2-3 12.53 148.86 161.39 OK
r-release-windows-ix86+x86_64 1.2-3 21.00 174.00 195.00 OK
r-release-osx-x86_64 1.2-3 OK
r-oldrel-windows-ix86+x86_64 1.2-3 19.00 189.00 208.00 OK
r-oldrel-osx-x86_64 1.2-3 OK

Check Details

Version: 1.2-3
Check: package dependencies
Result: NOTE
    Package suggested but not available for checking: ‘diveMove’
Flavor: r-devel-linux-x86_64-debian-gcc

Version: 1.2-3
Check: package dependencies
Result: NOTE
    Suggests orphaned package: ‘plm’
Flavor: r-devel-linux-x86_64-fedora-clang