CRAN Package Check Results for Package spaMM

Last updated on 2019-05-27 02:51:21 CEST.

Flavor Version Tinstall Tcheck Ttotal Status Flags
r-devel-linux-x86_64-debian-clang 2.7.1 131.57 184.94 316.51 NOTE
r-devel-linux-x86_64-debian-gcc 2.7.1 124.96 144.04 269.00 NOTE
r-devel-linux-x86_64-fedora-clang 2.7.1 433.53 NOTE
r-devel-linux-x86_64-fedora-gcc 2.7.1 415.14 NOTE
r-devel-windows-ix86+x86_64 2.7.1 198.00 302.00 500.00 NOTE
r-patched-linux-x86_64 2.7.1 OK
r-patched-solaris-x86 2.7.1 477.30 OK
r-release-linux-x86_64 2.7.1 139.25 192.91 332.16 OK
r-release-windows-ix86+x86_64 2.7.1 268.00 225.00 493.00 OK
r-release-osx-x86_64 2.7.1 NOTE
r-oldrel-windows-ix86+x86_64 2.7.1 259.00 210.00 469.00 OK
r-oldrel-osx-x86_64 2.7.1 NOTE

Check Details

Version: 2.7.1
Check: use of PKG_*FLAGS in Makefiles
Result: NOTE
     PKG_CFLAGS set in 'src/Makevars.win' without any corresponding files
Flavors: r-devel-linux-x86_64-debian-clang, r-devel-linux-x86_64-debian-gcc, r-devel-linux-x86_64-fedora-clang, r-devel-linux-x86_64-fedora-gcc, r-devel-windows-ix86+x86_64

Version: 2.7.1
Check: installed package size
Result: NOTE
     installed size is 31.8Mb
     sub-directories of 1Mb or more:
     R 1.4Mb
     libs 29.4Mb
Flavors: r-devel-linux-x86_64-fedora-clang, r-release-osx-x86_64, r-oldrel-osx-x86_64