CRAN Package Check Results for Package spNNGP

Last updated on 2022-11-26 23:58:28 CET.

Flavor Version Tinstall Tcheck Ttotal Status Flags
r-devel-linux-x86_64-debian-clang 1.0.0 19.57 48.65 68.22 OK
r-devel-linux-x86_64-debian-gcc 1.0.0 14.27 37.32 51.59 OK
r-devel-linux-x86_64-fedora-clang 1.0.0 109.63 OK
r-devel-linux-x86_64-fedora-gcc 1.0.0 90.20 OK
r-devel-windows-x86_64 1.0.0 29.00 103.00 132.00 OK
r-patched-linux-x86_64 1.0.0 OK
r-release-linux-x86_64 1.0.0 14.57 45.26 59.83 OK
r-release-macos-arm64 1.0.0 30.00 OK
r-release-macos-x86_64 1.0.0 41.00 OK
r-release-windows-x86_64 1.0.0 62.00 104.00 166.00 OK
r-oldrel-macos-arm64 1.0.0 30.00 OK
r-oldrel-macos-x86_64 1.0.0 45.00 OK
r-oldrel-windows-ix86+x86_64 1.0.0 44.00 102.00 146.00 NOTE

Check Details

Version: 1.0.0
Check: installed package size
Result: NOTE
     installed size is 5.4Mb
     sub-directories of 1Mb or more:
     data 3.0Mb
     libs 2.1Mb
Flavor: r-oldrel-windows-ix86+x86_64