CRAN Package Check Results for Package spGARCH

Last updated on 2022-01-20 23:52:30 CET.

Flavor Version Tinstall Tcheck Ttotal Status Flags
r-devel-linux-x86_64-debian-clang 0.2.2 OK
r-devel-linux-x86_64-debian-gcc 0.2.2 78.69 216.86 295.55 OK
r-devel-linux-x86_64-fedora-clang 0.2.2 513.20 NOTE
r-devel-linux-x86_64-fedora-gcc 0.2.2 470.46 OK
r-devel-windows-x86_64-new-UL 0.2.2 89.00 305.00 394.00 OK
r-devel-windows-x86_64-new-TK 0.2.2 OK
r-patched-linux-x86_64 0.2.2 95.26 281.70 376.96 OK
r-release-linux-x86_64 0.2.2 89.40 276.74 366.14 OK
r-release-macos-arm64 0.2.2 NOTE
r-release-macos-x86_64 0.2.2 NOTE
r-release-windows-ix86+x86_64 0.2.2 215.00 423.00 638.00 OK
r-oldrel-macos-x86_64 0.2.2 NOTE
r-oldrel-windows-ix86+x86_64 0.2.2 220.00 433.00 653.00 OK

Check Details

Version: 0.2.2
Check: installed package size
Result: NOTE
     installed size is 21.5Mb
     sub-directories of 1Mb or more:
     libs 21.2Mb
Flavors: r-devel-linux-x86_64-fedora-clang, r-release-macos-arm64, r-release-macos-x86_64, r-oldrel-macos-x86_64