CRAN Package Check Results for Package spData

Last updated on 2019-07-22 06:47:49 CEST.

Flavor Version Tinstall Tcheck Ttotal Status Flags
r-devel-linux-x86_64-debian-clang 0.3.0 3.92 36.73 40.65 NOTE
r-devel-linux-x86_64-debian-gcc 0.3.0 2.78 30.09 32.87 NOTE
r-devel-linux-x86_64-fedora-clang 0.3.0 49.20 NOTE
r-devel-linux-x86_64-fedora-gcc 0.3.0 49.22 NOTE
r-devel-windows-ix86+x86_64 0.3.0 9.00 82.00 91.00 NOTE
r-patched-linux-x86_64 0.3.0 3.40 36.40 39.80 NOTE
r-patched-solaris-x86 0.3.0 75.50 NOTE
r-release-linux-x86_64 0.3.0 3.86 36.49 40.35 NOTE
r-release-windows-ix86+x86_64 0.3.0 8.00 56.00 64.00 NOTE
r-release-osx-x86_64 0.3.0 ERROR
r-oldrel-windows-ix86+x86_64 0.3.0 12.00 70.00 82.00 NOTE
r-oldrel-osx-x86_64 0.3.0 NOTE

Check Details

Version: 0.3.0
Check: package dependencies
Result: NOTE
    Package suggested but not available for checking: 'spDataLarge'
Flavors: r-devel-linux-x86_64-debian-clang, r-devel-linux-x86_64-debian-gcc, r-devel-linux-x86_64-fedora-clang, r-devel-linux-x86_64-fedora-gcc, r-devel-windows-ix86+x86_64, r-patched-linux-x86_64, r-patched-solaris-x86, r-release-linux-x86_64, r-release-windows-ix86+x86_64, r-release-osx-x86_64, r-oldrel-windows-ix86+x86_64, r-oldrel-osx-x86_64

Version: 0.3.0
Check: installed package size
Result: NOTE
     installed size is 6.5Mb
     sub-directories of 1Mb or more:
     data 2.6Mb
     shapes 3.2Mb
Flavors: r-devel-linux-x86_64-fedora-clang, r-devel-windows-ix86+x86_64, r-patched-solaris-x86, r-release-windows-ix86+x86_64, r-release-osx-x86_64, r-oldrel-windows-ix86+x86_64, r-oldrel-osx-x86_64

Version: 0.3.0
Check: data for non-ASCII characters
Result: NOTE
     Note: found 285 marked UTF-8 strings
Flavors: r-devel-linux-x86_64-fedora-clang, r-devel-linux-x86_64-fedora-gcc, r-patched-solaris-x86, r-release-osx-x86_64, r-oldrel-osx-x86_64

Version: 0.3.0
Check: examples
Result: ERROR
    Running examples in ‘spData-Ex.R’ failed
    The error most likely occurred in:
    
    > ### Name: afcon
    > ### Title: Spatial patterns of conflict in Africa 1966-78
    > ### Aliases: afcon africa.rook.nb afxy paper.nb
    > ### Keywords: datasets spdep
    >
    > ### ** Examples
    >
    > data(afcon)
    > if (!requireNamespace("spdep", quietly = TRUE)) {
    + library(spdep)
    + plot(africa.rook.nb, afxy)
    + plot(diffnb(paper.nb, africa.rook.nb), afxy, col="red", add=TRUE)
    + text(afxy, labels=attr(africa.rook.nb, "region.id"), pos=4, offset=0.4)
    + moran.test(afcon$totcon, nb2listw(africa.rook.nb))
    + moran.test(afcon$totcon, nb2listw(paper.nb))
    + geary.test(afcon$totcon, nb2listw(paper.nb))
    + }
    Loading required package: sp
    Loading required package: sf
    Error: package or namespace load failed for ‘sf’ in loadNamespace(j <- i[[1L]], c(lib.loc, .libPaths()), versionCheck = vI[[j]]):
     there is no package called ‘e1071’
    Error: package ‘sf’ could not be loaded
    Execution halted
Flavor: r-release-osx-x86_64