CRAN Package Check Results for Package spData

Last updated on 2019-12-08 23:47:39 CET.

Flavor Version Tinstall Tcheck Ttotal Status Flags
r-devel-linux-x86_64-debian-clang 0.3.2 3.97 39.11 43.08 NOTE
r-devel-linux-x86_64-debian-gcc 0.3.2 3.27 30.88 34.15 NOTE
r-devel-linux-x86_64-fedora-clang 0.3.2 51.88 NOTE
r-devel-linux-x86_64-fedora-gcc 0.3.2 49.26 NOTE
r-devel-windows-ix86+x86_64 0.3.2 10.00 80.00 90.00 NOTE
r-devel-windows-ix86+x86_64-gcc8 0.3.2 10.00 83.00 93.00 NOTE
r-patched-linux-x86_64 0.3.2 3.46 36.81 40.27 NOTE
r-patched-solaris-x86 0.3.2 78.20 NOTE
r-release-linux-x86_64 0.3.2 3.71 36.10 39.81 NOTE
r-release-windows-ix86+x86_64 0.3.2 14.00 57.00 71.00 NOTE
r-release-osx-x86_64 0.3.2 NOTE
r-oldrel-windows-ix86+x86_64 0.3.2 8.00 49.00 57.00 NOTE
r-oldrel-osx-x86_64 0.3.2 NOTE

Check Details

Version: 0.3.2
Check: package dependencies
Result: NOTE
    Package suggested but not available for checking: 'spDataLarge'
Flavors: r-devel-linux-x86_64-debian-clang, r-devel-linux-x86_64-debian-gcc, r-devel-linux-x86_64-fedora-clang, r-devel-linux-x86_64-fedora-gcc, r-devel-windows-ix86+x86_64, r-devel-windows-ix86+x86_64-gcc8, r-patched-linux-x86_64, r-patched-solaris-x86, r-release-linux-x86_64, r-release-windows-ix86+x86_64, r-release-osx-x86_64, r-oldrel-windows-ix86+x86_64, r-oldrel-osx-x86_64

Version: 0.3.2
Check: installed package size
Result: NOTE
     installed size is 6.5Mb
     sub-directories of 1Mb or more:
     data 2.6Mb
     shapes 3.2Mb
Flavors: r-devel-linux-x86_64-fedora-clang, r-devel-windows-ix86+x86_64, r-devel-windows-ix86+x86_64-gcc8, r-patched-solaris-x86, r-release-windows-ix86+x86_64, r-release-osx-x86_64, r-oldrel-windows-ix86+x86_64, r-oldrel-osx-x86_64

Version: 0.3.2
Check: data for non-ASCII characters
Result: NOTE
     Note: found 285 marked UTF-8 strings
Flavors: r-devel-linux-x86_64-fedora-clang, r-devel-linux-x86_64-fedora-gcc, r-patched-solaris-x86, r-release-osx-x86_64, r-oldrel-osx-x86_64