CRAN Package Check Results for Package sp23design

Last updated on 2019-11-10 23:48:41 CET.

Flavor Version Tinstall Tcheck Ttotal Status Flags
r-devel-linux-x86_64-debian-clang 0.9 7.21 57.95 65.16 NOTE
r-devel-linux-x86_64-debian-gcc 0.9 6.00 45.82 51.82 NOTE
r-devel-linux-x86_64-fedora-clang 0.9 82.69 NOTE
r-devel-linux-x86_64-fedora-gcc 0.9 82.88 NOTE
r-devel-windows-ix86+x86_64 0.9 14.00 67.00 81.00 NOTE
r-patched-linux-x86_64 0.9 6.66 56.11 62.77 NOTE
r-patched-solaris-x86 0.9 114.50 NOTE
r-release-linux-x86_64 0.9 5.88 56.19 62.07 NOTE
r-release-windows-ix86+x86_64 0.9 18.00 89.00 107.00 NOTE
r-release-osx-x86_64 0.9 NOTE
r-oldrel-windows-ix86+x86_64 0.9 12.00 67.00 79.00 NOTE
r-oldrel-osx-x86_64 0.9 NOTE

Check Details

Version: 0.9
Check: R code for possible problems
Result: NOTE
    analyzeSP23Design: no visible global function definition for 'plot'
    exploreSP23Design: no visible global function definition for
     'txtProgressBar'
    exploreSP23Design: no visible global function definition for
     'setTxtProgressBar'
    generateClinicalTrialData : <anonymous>: no visible global function
     definition for 'runif'
    generateClinicalTrialData: no visible global function definition for
     'rbinom'
    generateClinicalTrialData: no visible global function definition for
     'rexp'
    mHP.b : crossingProbDiff: no visible global function definition for
     'pnorm'
    mHP.b : crossingProbDiff: no visible global function definition for
     'Miwa'
    mHP.b: no visible global function definition for 'qnorm'
    mHP.b: no visible global function definition for 'uniroot'
    mHP.c : crossingProbDiff: no visible global function definition for
     'Miwa'
    mHP.c: no visible global function definition for 'uniroot'
    mHP.c: no visible global function definition for 'qnorm'
    performInterimLook: no visible global function definition for 'optim'
    performInterimLook: no visible global function definition for
     'constrOptim'
    performInterimLook: no visible global function definition for 'qnorm'
    Undefined global functions or variables:
     Miwa constrOptim optim plot pnorm qnorm rbinom rexp runif
     setTxtProgressBar txtProgressBar uniroot
    Consider adding
     importFrom("graphics", "plot")
     importFrom("stats", "constrOptim", "optim", "pnorm", "qnorm", "rbinom",
     "rexp", "runif", "uniroot")
     importFrom("utils", "setTxtProgressBar", "txtProgressBar")
    to your NAMESPACE file.
Flavors: r-devel-linux-x86_64-debian-clang, r-devel-linux-x86_64-debian-gcc, r-devel-linux-x86_64-fedora-clang, r-devel-linux-x86_64-fedora-gcc, r-devel-windows-ix86+x86_64, r-patched-linux-x86_64, r-patched-solaris-x86, r-release-linux-x86_64, r-release-windows-ix86+x86_64, r-release-osx-x86_64, r-oldrel-windows-ix86+x86_64, r-oldrel-osx-x86_64