CRAN Package Check Results for Package sp

Last updated on 2020-12-02 23:51:17 CET.

Flavor Version Tinstall Tcheck Ttotal Status Flags
r-devel-linux-x86_64-debian-clang 1.4-4 20.82 149.94 170.76 OK
r-devel-linux-x86_64-debian-gcc 1.4-4 16.70 111.86 128.56 OK
r-devel-linux-x86_64-fedora-clang 1.4-4 205.79 OK
r-devel-linux-x86_64-fedora-gcc 1.4-4 201.68 OK
r-devel-windows-ix86+x86_64 1.4-4 40.00 208.00 248.00 OK
r-patched-linux-x86_64 1.4-4 17.66 142.02 159.68 OK
r-patched-solaris-x86 1.4-4 260.70 OK
r-release-linux-x86_64 1.4-4 19.61 141.83 161.44 OK
r-release-macos-x86_64 1.4-4 NOTE
r-release-windows-ix86+x86_64 1.4-4 30.00 255.00 285.00 OK
r-oldrel-macos-x86_64 1.4-4 NOTE
r-oldrel-windows-ix86+x86_64 1.4-4 28.00 247.00 275.00 OK

Check Details

Version: 1.4-4
Check: dependencies in R code
Result: NOTE
    Missing or unexported object: ‘rgdal::OSRIsProjected’
Flavors: r-release-macos-x86_64, r-oldrel-macos-x86_64