CRAN Package Check Results for Package sourceR

Last updated on 2019-06-07 02:51:10 CEST.

Flavor Version Tinstall Tcheck Ttotal Status Flags
r-devel-linux-x86_64-debian-clang 1.0.1 17.14 75.45 92.59 OK
r-devel-linux-x86_64-debian-gcc 1.0.1 16.58 56.23 72.81 OK
r-devel-linux-x86_64-fedora-clang 1.0.1 113.81 NOTE
r-devel-linux-x86_64-fedora-gcc 1.0.1 129.80 NOTE
r-devel-windows-ix86+x86_64 1.0.1 38.00 128.00 166.00 OK
r-patched-linux-x86_64 1.0.1 18.81 70.69 89.50 OK
r-patched-solaris-x86 1.0.1 151.60 NOTE
r-release-linux-x86_64 1.0.1 18.54 72.01 90.55 OK
r-release-windows-ix86+x86_64 1.0.1 42.00 131.00 173.00 OK
r-release-osx-x86_64 1.0.1 NOTE
r-oldrel-windows-ix86+x86_64 1.0.1 21.00 118.00 139.00 OK
r-oldrel-osx-x86_64 1.0.1 NOTE

Check Details

Version: 1.0.1
Check: dependencies in R code
Result: NOTE
    Namespaces in Imports field not imported from:
     ‘gtools’ ‘hashmap’ ‘reshape2’
     All declared Imports should be used.
Flavors: r-devel-linux-x86_64-fedora-clang, r-devel-linux-x86_64-fedora-gcc, r-patched-solaris-x86, r-release-osx-x86_64, r-oldrel-osx-x86_64