Last updated on 2022-05-23 23:50:15 CEST.
Flavor | Version | Tinstall | Tcheck | Ttotal | Status | Flags |
---|---|---|---|---|---|---|
r-devel-linux-x86_64-debian-clang | 2.5.1 | 21.77 | 408.15 | 429.92 | OK | |
r-devel-linux-x86_64-debian-gcc | 2.5.1 | 18.29 | 295.55 | 313.84 | OK | |
r-devel-linux-x86_64-fedora-clang | 2.5.1 | 503.55 | NOTE | |||
r-devel-linux-x86_64-fedora-gcc | 2.5.1 | 491.13 | OK | |||
r-devel-windows-x86_64 | 2.5.1 | 195.00 | 547.00 | 742.00 | NOTE | |
r-patched-linux-x86_64 | 2.5.1 | 24.27 | 391.42 | 415.69 | OK | |
r-release-linux-x86_64 | 2.5.1 | OK | ||||
r-release-macos-arm64 | 2.5.1 | 159.00 | NOTE | |||
r-release-macos-x86_64 | 2.5.1 | 308.00 | NOTE | |||
r-release-windows-x86_64 | 2.5.1 | 196.00 | 574.00 | 770.00 | NOTE | |
r-oldrel-macos-arm64 | 2.5.1 | 143.00 | NOTE | |||
r-oldrel-macos-x86_64 | 2.5.1 | 240.00 | NOTE | |||
r-oldrel-windows-ix86+x86_64 | 2.5.1 | 41.00 | 488.00 | 529.00 | NOTE |
Version: 2.5.1
Check: installed package size
Result: NOTE
installed size is 7.4Mb
sub-directories of 1Mb or more:
doc 5.0Mb
Flavors: r-devel-linux-x86_64-fedora-clang, r-devel-windows-x86_64, r-release-macos-arm64, r-release-macos-x86_64, r-release-windows-x86_64, r-oldrel-macos-arm64, r-oldrel-macos-x86_64, r-oldrel-windows-ix86+x86_64