CRAN Package Check Results for Package sotu

Last updated on 2022-08-18 23:58:38 CEST.

Flavor Version Tinstall Tcheck Ttotal Status Flags
r-devel-linux-x86_64-debian-clang 1.0.2 4.92 22.62 27.54 OK
r-devel-linux-x86_64-debian-gcc 1.0.2 4.00 18.40 22.40 OK
r-devel-linux-x86_64-fedora-clang 1.0.4 48.87 NOTE
r-devel-linux-x86_64-fedora-gcc 1.0.4 47.97 NOTE
r-devel-windows-x86_64 1.0.2 9.00 47.00 56.00 OK
r-patched-linux-x86_64 1.0.2 4.01 22.24 26.25 OK
r-release-linux-x86_64 1.0.4 OK
r-release-macos-arm64 1.0.4 15.00 NOTE
r-release-macos-x86_64 1.0.2 23.00 OK
r-release-windows-x86_64 1.0.4 8.00 50.00 58.00 OK
r-oldrel-macos-arm64 1.0.4 16.00 NOTE
r-oldrel-macos-x86_64 1.0.2 29.00 OK
r-oldrel-windows-ix86+x86_64 1.0.2 8.00 31.00 39.00 OK

Check Details

Version: 1.0.4
Check: data for non-ASCII characters
Result: NOTE
     Note: found 4 marked UTF-8 strings
Flavors: r-devel-linux-x86_64-fedora-clang, r-devel-linux-x86_64-fedora-gcc, r-release-macos-arm64, r-oldrel-macos-arm64