CRAN Package Check Results for Package sos

Last updated on 2022-06-23 23:52:49 CEST.

Flavor Version Tinstall Tcheck Ttotal Status Flags
r-devel-linux-x86_64-debian-clang 2.1-4 2.56 198.35 200.91 OK
r-devel-linux-x86_64-debian-gcc 2.1-4 2.26 139.27 141.53 OK
r-devel-linux-x86_64-fedora-clang 2.1-4 181.76 OK
r-devel-linux-x86_64-fedora-gcc 2.1-4 173.25 OK
r-devel-windows-x86_64 2.1-4 19.00 362.00 381.00 OK
r-patched-linux-x86_64 2.1-4 3.40 193.07 196.47 OK
r-release-linux-x86_64 2.1-4 2.89 189.28 192.17 OK
r-release-macos-arm64 2.1-4 1266.00 OK
r-release-macos-x86_64 2.1-4 1803.00 NOTE
r-release-windows-x86_64 2.1-4 17.00 394.00 411.00 OK
r-oldrel-macos-arm64 2.1-4 1803.00 NOTE
r-oldrel-macos-x86_64 2.1-4 1802.00 NOTE
r-oldrel-windows-ix86+x86_64 2.1-4 8.00 215.00 223.00 OK

Check Details

Version: 2.1-4
Check: re-building of vignette outputs
Result: NOTE
    Error(s) in re-building vignettes:
     ...
    --- re-building ‘sos.Rnw’ using Sweave
    Loading required package: brew
    
    Attaching package: 'sos'
    
    The following object is masked from 'package:utils':
    
     ?
    
    Warning in readLines(f) :
     incomplete final line found on '/Volumes/Builds/packages/high-sierra-x86_64/Rlib/4.2/cosso/INDEX'
    
    Execution halted
    
    * checking PDF version of manual ...* using check arguments '--no-clean-on-error '
Flavor: r-release-macos-x86_64

Version: 2.1-4
Check: re-building of vignette outputs
Result: NOTE
    Error(s) in re-building vignettes:
     ...
    --- re-building ‘sos.Rnw’ using Sweave
    Loading required package: brew
    
    Attaching package: 'sos'
    
    The following object is masked from 'package:utils':
    
     ?
    
    
    Execution halted
    
    * checking PDF version of manual ...* using check arguments '--no-clean-on-error '
Flavors: r-oldrel-macos-arm64, r-oldrel-macos-x86_64