Last updated on 2022-06-29 23:53:31 CEST.
Flavor | Version | Tinstall | Tcheck | Ttotal | Status | Flags |
---|---|---|---|---|---|---|
r-devel-linux-x86_64-debian-clang | 0.9.2 | 40.67 | 33.25 | 73.92 | WARN | |
r-devel-linux-x86_64-debian-gcc | 0.9.2 | 34.05 | 26.31 | 60.36 | OK | |
r-devel-linux-x86_64-fedora-clang | 0.9.2 | 112.88 | WARN | |||
r-devel-linux-x86_64-fedora-gcc | 0.9.2 | 106.13 | OK | |||
r-devel-windows-x86_64 | 0.9.2 | 49.00 | 90.00 | 139.00 | OK | |
r-patched-linux-x86_64 | 0.9.2 | 36.36 | 32.80 | 69.16 | OK | |
r-release-linux-x86_64 | 0.9.2 | 32.86 | 33.12 | 65.98 | OK | |
r-release-macos-arm64 | 0.9.2 | 32.00 | OK | |||
r-release-macos-x86_64 | 0.9.2 | 41.00 | OK | |||
r-release-windows-x86_64 | 0.9.2 | 49.00 | 89.00 | 138.00 | OK | |
r-oldrel-macos-arm64 | 0.9.2 | 36.00 | OK | |||
r-oldrel-macos-x86_64 | 0.9.2 | 43.00 | OK | |||
r-oldrel-windows-ix86+x86_64 | 0.9.2 | 95.00 | 80.00 | 175.00 | OK |
Version: 0.9.2
Check: whether package can be installed
Result: WARN
Found the following significant warnings:
sorcering.cpp:247:29: warning: use of bitwise '|' with boolean operands [-Wbitwise-instead-of-logical]
sorcering.cpp:251:34: warning: use of bitwise '|' with boolean operands [-Wbitwise-instead-of-logical]
sorcering.cpp:255:34: warning: use of bitwise '&' with boolean operands [-Wbitwise-instead-of-logical]
Flavors: r-devel-linux-x86_64-debian-clang, r-devel-linux-x86_64-fedora-clang