CRAN Package Check Results for Package sonicscrewdriver

Last updated on 2022-07-01 23:53:34 CEST.

Flavor Version Tinstall Tcheck Ttotal Status Flags
r-devel-linux-x86_64-debian-clang 0.0.4 10.54 106.42 116.96 OK
r-devel-linux-x86_64-debian-gcc 0.0.4 8.83 76.97 85.80 OK
r-devel-linux-x86_64-fedora-clang 0.0.4 146.47 NOTE
r-devel-linux-x86_64-fedora-gcc 0.0.4 142.98 NOTE
r-devel-windows-x86_64 0.0.4 202.00 134.00 336.00 OK
r-patched-linux-x86_64 0.0.4 11.80 99.64 111.44 OK
r-release-linux-x86_64 0.0.4 10.82 99.33 110.15 OK
r-release-macos-arm64 0.0.4 38.00 NOTE
r-release-macos-x86_64 0.0.4 73.00 NOTE
r-release-windows-x86_64 0.0.4 249.00 133.00 382.00 OK
r-oldrel-macos-arm64 0.0.4 43.00 NOTE
r-oldrel-macos-x86_64 0.0.4 79.00 NOTE
r-oldrel-windows-ix86+x86_64 0.0.4 25.00 120.00 145.00 OK

Check Details

Version: 0.0.4
Check: dependencies in R code
Result: NOTE
    Namespace in Imports field not imported from: ‘methods’
     All declared Imports should be used.
Flavors: r-devel-linux-x86_64-fedora-clang, r-devel-linux-x86_64-fedora-gcc, r-release-macos-arm64, r-release-macos-x86_64, r-oldrel-macos-arm64, r-oldrel-macos-x86_64