CRAN Package Check Results for Package solitude

Last updated on 2022-08-17 23:53:40 CEST.

Flavor Version Tinstall Tcheck Ttotal Status Flags
r-devel-linux-x86_64-debian-clang 1.1.3 3.95 33.86 37.81 OK
r-devel-linux-x86_64-debian-gcc 1.1.3 OK
r-devel-linux-x86_64-fedora-clang 1.1.3 58.47 NOTE
r-devel-linux-x86_64-fedora-gcc 1.1.3 58.84 NOTE
r-devel-windows-x86_64 1.1.3 8.00 61.00 69.00 OK
r-patched-linux-x86_64 1.1.3 3.40 32.40 35.80 OK
r-release-linux-x86_64 1.1.3 4.00 32.84 36.84 OK
r-release-macos-arm64 1.1.3 19.00 NOTE
r-release-macos-x86_64 1.1.3 24.00 NOTE
r-release-windows-x86_64 1.1.3 7.00 58.00 65.00 OK
r-oldrel-macos-arm64 1.1.3 22.00 NOTE
r-oldrel-macos-x86_64 1.1.3 25.00 NOTE
r-oldrel-windows-ix86+x86_64 1.1.3 7.00 56.00 63.00 OK

Check Details

Version: 1.1.3
Check: dependencies in R code
Result: NOTE
    Namespaces in Imports field not imported from:
     ‘R6’ ‘lgr’
     All declared Imports should be used.
Flavors: r-devel-linux-x86_64-fedora-clang, r-devel-linux-x86_64-fedora-gcc, r-release-macos-arm64, r-release-macos-x86_64, r-oldrel-macos-arm64, r-oldrel-macos-x86_64