CRAN Package Check Results for Package soiltestcorr

Last updated on 2024-06-14 00:53:59 CEST.

Flavor Version Tinstall Tcheck Ttotal Status Flags
r-devel-linux-x86_64-debian-clang 2.2.0 19.02 1026.96 1045.98 OK
r-devel-linux-x86_64-debian-gcc 2.2.0 0.44 1.79 2.23 ERROR
r-devel-linux-x86_64-fedora-clang 2.2.0 1289.43 OK
r-devel-linux-x86_64-fedora-gcc 2.2.0 1213.48 OK
r-devel-windows-x86_64 2.2.0 15.00 623.00 638.00 OK
r-patched-linux-x86_64 2.2.0 15.22 962.28 977.50 OK
r-release-linux-x86_64 2.2.0 14.14 973.96 988.10 OK
r-release-macos-arm64 2.2.0 261.00 OK
r-release-macos-x86_64 2.2.0 453.00 OK
r-release-windows-x86_64 2.2.0 16.00 625.00 641.00 OK
r-oldrel-macos-arm64 2.2.0 245.00 OK
r-oldrel-macos-x86_64 2.2.0 379.00 OK
r-oldrel-windows-x86_64 2.2.0 20.00 823.00 843.00 OK

Check Details

Version: 2.2.0
Check: package dependencies
Result: ERROR Packages required but not available: 'dplyr', 'tidyr', 'purrr', 'ggplot2', 'ggpp', 'modelr', 'AICcmodavg' Package suggested but not available for checking: ‘testthat’ See section ‘The DESCRIPTION file’ in the ‘Writing R Extensions’ manual. Flavor: r-devel-linux-x86_64-debian-gcc