CRAN Package Check Results for Package soc.ca

Last updated on 2019-09-15 23:46:33 CEST.

Flavor Version Tinstall Tcheck Ttotal Status Flags
r-devel-linux-x86_64-debian-clang 0.7.3 5.85 69.33 75.18 OK
r-devel-linux-x86_64-debian-gcc 0.7.3 5.42 52.17 57.59 OK
r-devel-linux-x86_64-fedora-clang 0.7.3 87.20 NOTE
r-devel-linux-x86_64-fedora-gcc 0.7.3 87.24 NOTE
r-devel-windows-ix86+x86_64 0.7.3 26.00 90.00 116.00 OK
r-patched-linux-x86_64 0.7.3 5.49 66.48 71.97 OK
r-patched-solaris-x86 0.7.3 128.30 NOTE
r-release-linux-x86_64 0.7.3 5.53 67.85 73.38 OK
r-release-windows-ix86+x86_64 0.7.3 15.00 84.00 99.00 OK
r-release-osx-x86_64 0.7.3 NOTE
r-oldrel-windows-ix86+x86_64 0.7.3 16.00 79.00 95.00 OK
r-oldrel-osx-x86_64 0.7.3 NOTE

Check Details

Version: 0.7.3
Check: data for non-ASCII characters
Result: NOTE
     Note: found 833 marked UTF-8 strings
Flavors: r-devel-linux-x86_64-fedora-clang, r-devel-linux-x86_64-fedora-gcc, r-patched-solaris-x86, r-release-osx-x86_64, r-oldrel-osx-x86_64