CRAN Package Check Results for Package soc.ca

Last updated on 2020-02-17 00:49:28 CET.

Flavor Version Tinstall Tcheck Ttotal Status Flags
r-devel-linux-x86_64-debian-clang 0.7.3 6.87 76.81 83.68 OK
r-devel-linux-x86_64-debian-gcc 0.7.3 5.59 58.24 63.83 OK
r-devel-linux-x86_64-fedora-clang 0.7.3 99.38 NOTE
r-devel-linux-x86_64-fedora-gcc 0.7.3 95.00 NOTE
r-devel-windows-ix86+x86_64 0.7.3 17.00 88.00 105.00 OK
r-devel-windows-ix86+x86_64-gcc8 0.7.3 23.00 88.00 111.00 OK
r-patched-linux-x86_64 0.7.3 5.03 65.87 70.90 OK
r-patched-solaris-x86 0.7.3 131.70 NOTE
r-release-linux-x86_64 0.7.3 5.99 66.79 72.78 OK
r-release-windows-ix86+x86_64 0.7.3 15.00 76.00 91.00 OK
r-release-osx-x86_64 0.7.3 NOTE
r-oldrel-windows-ix86+x86_64 0.7.3 10.00 85.00 95.00 OK
r-oldrel-osx-x86_64 0.7.3 NOTE

Check Details

Version: 0.7.3
Check: data for non-ASCII characters
Result: NOTE
     Note: found 833 marked UTF-8 strings
Flavors: r-devel-linux-x86_64-fedora-clang, r-devel-linux-x86_64-fedora-gcc, r-patched-solaris-x86, r-release-osx-x86_64, r-oldrel-osx-x86_64