CRAN Package Check Results for Package sns

Last updated on 2022-12-02 23:50:40 CET.

Flavor Version Tinstall Tcheck Ttotal Status Flags
r-devel-linux-x86_64-debian-clang 1.2.2 3.41 33.80 37.21 NOTE
r-devel-linux-x86_64-debian-gcc 1.2.2 2.14 26.62 28.76 NOTE
r-devel-linux-x86_64-fedora-clang 1.2.2 59.86 NOTE
r-devel-linux-x86_64-fedora-gcc 1.2.2 37.00 NOTE
r-devel-windows-x86_64 1.2.2 15.00 163.00 178.00 OK
r-patched-linux-x86_64 1.2.2 3.07 102.11 105.18 NOTE
r-release-linux-x86_64 1.2.2 2.83 103.39 106.22 NOTE
r-release-macos-arm64 1.2.2 81.00 OK
r-release-macos-x86_64 1.2.2 94.00 OK
r-release-windows-x86_64 1.2.2 13.00 166.00 179.00 OK
r-oldrel-macos-arm64 1.2.2 73.00 OK
r-oldrel-macos-x86_64 1.2.2 99.00 OK
r-oldrel-windows-ix86+x86_64 1.2.2 7.00 124.00 131.00 OK

Check Details

Version: 1.2.2
Check: package dependencies
Result: NOTE
    Package suggested but not available for checking: 'MfUSampler'
Flavors: r-devel-linux-x86_64-debian-clang, r-devel-linux-x86_64-debian-gcc, r-devel-linux-x86_64-fedora-clang, r-devel-linux-x86_64-fedora-gcc, r-patched-linux-x86_64, r-release-linux-x86_64

Version: 1.2.2
Check: re-building of vignette outputs
Result: NOTE
    Note: skipping 'SNS.Rnw' due to unavailable dependencies: 'MfUSampler'
Flavors: r-devel-linux-x86_64-debian-clang, r-devel-linux-x86_64-debian-gcc, r-devel-linux-x86_64-fedora-clang, r-devel-linux-x86_64-fedora-gcc