CRAN Package Check Results for Package snow

Last updated on 2017-06-24 02:48:03.

Flavor Version Tinstall Tcheck Ttotal Status Flags
r-devel-linux-x86_64-debian-clang 0.4-2 0.65 15.05 15.70 NOTE
r-devel-linux-x86_64-debian-gcc 0.4-2 0.61 14.97 15.58 NOTE
r-devel-linux-x86_64-fedora-clang 0.4-2 23.06 NOTE
r-devel-linux-x86_64-fedora-gcc 0.4-2 21.69 NOTE
r-devel-windows-ix86+x86_64 0.4-2 3.00 35.00 38.00 OK
r-patched-linux-x86_64 0.4-2 0.62 15.15 15.77 NOTE
r-patched-solaris-sparc 0.4-2 134.20 OK
r-patched-solaris-x86 0.4-2 32.40 NOTE
r-release-linux-x86_64 0.4-2 0.66 15.66 16.31 OK
r-release-windows-ix86+x86_64 0.4-2 3.00 26.00 29.00 OK
r-release-osx-x86_64 0.4-2 NOTE
r-oldrel-windows-ix86+x86_64 0.4-2 2.00 26.00 28.00 OK
r-oldrel-osx-x86_64 0.4-2 NOTE

Check Details

Version: 0.4-2
Check: S3 generic/method consistency
Result: NOTE
    Found the following apparent S3 methods exported but not registered:
     [.cluster
    See section ‘Registering S3 methods’ in the ‘Writing R Extensions’
    manual.
Flavors: r-devel-linux-x86_64-debian-clang, r-devel-linux-x86_64-debian-gcc, r-devel-linux-x86_64-fedora-clang, r-devel-linux-x86_64-fedora-gcc, r-patched-linux-x86_64, r-patched-solaris-x86

Version: 0.4-2
Check: package dependencies
Result: NOTE
    Package suggested but not available for checking: ‘Rmpi’
Flavors: r-release-osx-x86_64, r-oldrel-osx-x86_64