CRAN Package Check Results for Package snow

Last updated on 2018-05-24 02:48:44 CEST.

Flavor Version Tinstall Tcheck Ttotal Status Flags
r-devel-linux-x86_64-debian-clang 0.4-2 1.71 18.54 20.25 NOTE
r-devel-linux-x86_64-debian-gcc 0.4-2 1.37 16.49 17.86 NOTE
r-devel-linux-x86_64-fedora-clang 0.4-2 28.47 NOTE
r-devel-linux-x86_64-fedora-gcc 0.4-2 26.48 NOTE
r-devel-windows-ix86+x86_64 0.4-2 7.00 39.00 46.00 OK
r-patched-linux-x86_64 0.4-2 1.70 19.82 21.52 NOTE
r-patched-solaris-x86 0.4-2 40.80 NOTE
r-release-linux-x86_64 0.4-2 1.80 19.68 21.48 NOTE
r-release-windows-ix86+x86_64 0.4-2 7.00 30.00 37.00 OK
r-release-osx-x86_64 0.4-2 NOTE
r-oldrel-windows-ix86+x86_64 0.4-2 5.00 42.00 47.00 OK
r-oldrel-osx-x86_64 0.4-2 NOTE

Check Details

Version: 0.4-2
Check: S3 generic/method consistency
Result: NOTE
    Found the following apparent S3 methods exported but not registered:
     [.cluster
    See section ‘Registering S3 methods’ in the ‘Writing R Extensions’
    manual.
Flavors: r-devel-linux-x86_64-debian-clang, r-devel-linux-x86_64-debian-gcc, r-devel-linux-x86_64-fedora-clang, r-devel-linux-x86_64-fedora-gcc, r-patched-linux-x86_64, r-patched-solaris-x86, r-release-linux-x86_64

Version: 0.4-2
Check: package dependencies
Result: NOTE
    Package suggested but not available for checking: ‘Rmpi’
Flavors: r-release-osx-x86_64, r-oldrel-osx-x86_64