CRAN Package Check Results for Package snow

Last updated on 2016-02-11 09:50:36.

Flavor Version Tinstall Tcheck Ttotal Status Flags
r-devel-linux-x86_64-debian-gcc 0.4-1 0.61 10.08 10.69 OK
r-devel-linux-x86_64-fedora-clang 0.4-1 18.76 OK
r-devel-linux-x86_64-fedora-gcc 0.4-1 17.08 OK
r-devel-osx-x86_64-clang 0.4-1 22.73 OK
r-devel-windows-ix86+x86_64 0.4-1 6.00 26.00 32.00 OK
r-patched-linux-x86_64 0.4-1 0.67 11.09 11.76 OK
r-patched-solaris-sparc 0.4-1 122.80 OK
r-patched-solaris-x86 0.4-1 26.70 OK
r-release-linux-x86_64 0.4-1 0.62 11.04 11.67 OK
r-release-osx-x86_64-mavericks 0.4-1 NOTE
r-release-windows-ix86+x86_64 0.4-1 4.00 29.00 33.00 OK
r-oldrel-windows-ix86+x86_64 0.4-1 4.00 30.00 34.00 OK

Check Details

Version: 0.4-1
Check: package dependencies
Result: NOTE
    Package suggested but not available for checking: ‘Rmpi’
Flavor: r-release-osx-x86_64-mavericks