CRAN Package Check Results for Package snow

Last updated on 2017-03-23 23:51:11.

Flavor Version Tinstall Tcheck Ttotal Status Flags
r-devel-linux-x86_64-debian-clang 0.4-2 0.62 14.25 14.87 OK
r-devel-linux-x86_64-debian-gcc 0.4-2 0.63 14.38 15.01 OK
r-devel-linux-x86_64-fedora-clang 0.4-2 24.48 OK --no-stop-on-test-error
r-devel-linux-x86_64-fedora-gcc 0.4-2 21.46 OK --no-stop-on-test-error
r-devel-macos-x86_64-clang 0.4-2 21.09 OK --no-stop-on-test-error
r-devel-windows-ix86+x86_64 0.4-2 4.00 28.00 32.00 OK
r-patched-linux-x86_64 0.4-2 0.58 12.14 12.72 OK
r-patched-solaris-sparc 0.4-2 134.20 OK
r-patched-solaris-x86 0.4-2 33.70 OK
r-release-linux-x86_64 0.4-2 0.66 13.03 13.69 OK
r-release-osx-x86_64-mavericks 0.4-2 NOTE
r-release-windows-ix86+x86_64 0.4-2 2.00 26.00 28.00 OK
r-oldrel-windows-ix86+x86_64 0.4-2 2.00 28.00 30.00 OK

Check Details

Version: 0.4-2
Check: package dependencies
Result: NOTE
    Package suggested but not available for checking: ‘Rmpi’
Flavor: r-release-osx-x86_64-mavericks