CRAN Package Check Results for Package snow

Last updated on 2016-12-08 08:47:50.

Flavor Version Tinstall Tcheck Ttotal Status Flags
r-devel-linux-x86_64-debian-clang 0.4-2 0.62 13.07 13.69 OK
r-devel-linux-x86_64-debian-gcc 0.4-2 0.74 13.97 14.72 OK
r-devel-linux-x86_64-fedora-clang 0.4-2 23.47 OK --no-stop-on-test-error
r-devel-linux-x86_64-fedora-gcc 0.4-2 22.46 OK --no-stop-on-test-error
r-devel-macos-x86_64-clang 0.4-2 21.12 OK
r-devel-windows-ix86+x86_64 0.4-2 6.00 27.00 33.00 OK
r-patched-linux-x86_64 0.4-2 0.73 11.79 12.51 OK
r-patched-solaris-sparc 0.4-2 116.00 OK
r-patched-solaris-x86 0.4-2 25.40 OK
r-release-linux-x86_64 0.4-2 0.62 11.45 12.06 OK
r-release-osx-x86_64-mavericks 0.4-2 NOTE
r-release-windows-ix86+x86_64 0.4-2 2.00 26.00 28.00 OK
r-oldrel-windows-ix86+x86_64 0.4-2 2.00 28.00 30.00 OK

Check Details

Version: 0.4-2
Check: package dependencies
Result: NOTE
    Package suggested but not available for checking: ‘Rmpi’
Flavor: r-release-osx-x86_64-mavericks