CRAN Package Check Results for Package snow

Last updated on 2016-05-26 10:46:53.

Flavor Version Tinstall Tcheck Ttotal Status Flags
r-devel-linux-x86_64-debian-gcc 0.4-1 0.67 11.67 12.33 OK
r-devel-linux-x86_64-fedora-clang 0.4-1 19.50 OK
r-devel-linux-x86_64-fedora-gcc 0.4-1 17.41 OK
r-devel-osx-x86_64-clang 0.4-1 23.20 OK
r-devel-windows-ix86+x86_64 0.4-1 7.00 27.00 34.00 OK
r-patched-linux-x86_64 0.4-1 0.59 11.27 11.86 OK
r-patched-solaris-sparc 0.4-1 116.50 OK
r-patched-solaris-x86 0.4-1 24.90 OK
r-release-linux-x86_64 0.4-1 0.57 11.13 11.70 OK
r-release-osx-x86_64-mavericks 0.4-1 NOTE
r-release-windows-ix86+x86_64 0.4-1 6.00 33.00 39.00 OK
r-oldrel-windows-ix86+x86_64 0.4-1 4.00 29.00 33.00 OK

Check Details

Version: 0.4-1
Check: package dependencies
Result: NOTE
    Package suggested but not available for checking: ‘Rmpi’
Flavor: r-release-osx-x86_64-mavericks