CRAN Package Check Results for Package snow

Last updated on 2021-10-16 23:49:37 CEST.

Flavor Version Tinstall Tcheck Ttotal Status Flags
r-devel-linux-x86_64-debian-clang 0.4-3 2.82 25.19 28.01 NOTE
r-devel-linux-x86_64-debian-gcc 0.4-3 2.35 19.83 22.18 NOTE
r-devel-linux-x86_64-fedora-clang 0.4-3 46.04 NOTE
r-devel-linux-x86_64-fedora-gcc 0.4-3 33.99 NOTE
r-devel-windows-x86_64 0.4-3 5.00 33.00 38.00 OK
r-devel-windows-x86_64-gcc10-UCRT 0.4-3 NOTE
r-patched-linux-x86_64 0.4-3 2.72 24.58 27.30 NOTE
r-patched-solaris-x86 0.4-3 50.60 NOTE
r-release-linux-x86_64 0.4-3 2.73 24.49 27.22 NOTE
r-release-macos-arm64 0.4-3 NOTE
r-release-macos-x86_64 0.4-3 NOTE
r-release-windows-ix86+x86_64 0.4-3 7.00 30.00 37.00 OK
r-oldrel-macos-x86_64 0.4-3 NOTE
r-oldrel-windows-ix86+x86_64 0.4-3 5.00 37.00 42.00 OK

Check Details

Version: 0.4-3
Check: package dependencies
Result: NOTE
    Package suggested but not available for checking: 'nws'
Flavors: r-devel-linux-x86_64-debian-clang, r-devel-linux-x86_64-debian-gcc, r-devel-linux-x86_64-fedora-clang, r-devel-linux-x86_64-fedora-gcc, r-devel-windows-x86_64-gcc10-UCRT, r-patched-linux-x86_64, r-patched-solaris-x86, r-release-linux-x86_64

Version: 0.4-3
Check: package dependencies
Result: NOTE
    Package suggested but not available for checking: ‘Rmpi’
Flavors: r-release-macos-arm64, r-release-macos-x86_64, r-oldrel-macos-x86_64