CRAN Package Check Results for Package snow

Last updated on 2017-01-20 02:47:19.

Flavor Version Tinstall Tcheck Ttotal Status Flags
r-devel-linux-x86_64-debian-clang 0.4-2 0.62 13.39 14.01 OK
r-devel-linux-x86_64-debian-gcc 0.4-2 0.73 12.81 13.53 OK
r-devel-linux-x86_64-fedora-clang 0.4-2 22.35 OK --no-stop-on-test-error
r-devel-linux-x86_64-fedora-gcc 0.4-2 21.13 OK --no-stop-on-test-error
r-devel-macos-x86_64-clang 0.4-2 20.26 OK --no-stop-on-test-error
r-devel-windows-ix86+x86_64 0.4-2 4.00 47.00 51.00 OK
r-patched-linux-x86_64 0.4-2 0.59 11.30 11.89 OK
r-patched-solaris-sparc 0.4-2 115.40 OK
r-patched-solaris-x86 0.4-2 25.50 OK
r-release-linux-x86_64 0.4-2 0.57 11.19 11.76 OK
r-release-osx-x86_64-mavericks 0.4-2 NOTE
r-release-windows-ix86+x86_64 0.4-2 2.00 26.00 28.00 OK
r-oldrel-windows-ix86+x86_64 0.4-2 2.00 28.00 30.00 OK

Check Details

Version: 0.4-2
Check: package dependencies
Result: NOTE
    Package suggested but not available for checking: ‘Rmpi’
Flavor: r-release-osx-x86_64-mavericks