CRAN Package Check Results for Package snem

Last updated on 2024-06-21 00:57:23 CEST.

Flavor Version Tinstall Tcheck Ttotal Status Flags
r-devel-linux-x86_64-debian-clang 0.1.1 2.38 21.91 24.29 NOTE
r-devel-linux-x86_64-debian-gcc 0.1.1 1.83 17.10 18.93 NOTE
r-devel-linux-x86_64-fedora-clang 0.1.1 31.47 NOTE
r-devel-linux-x86_64-fedora-gcc 0.1.1 30.00 NOTE
r-devel-windows-x86_64 0.1.1 2.00 38.00 40.00 NOTE
r-patched-linux-x86_64 0.1.1 1.80 22.45 24.25 NOTE
r-release-linux-x86_64 0.1.1 2.19 21.93 24.12 NOTE
r-release-macos-arm64 0.1.1 14.00 NOTE
r-release-macos-x86_64 0.1.1 21.00 NOTE
r-release-windows-x86_64 0.1.1 3.00 38.00 41.00 NOTE
r-oldrel-macos-arm64 0.1.1 16.00 NOTE
r-oldrel-macos-x86_64 0.1.1 22.00 NOTE
r-oldrel-windows-x86_64 0.1.1 2.00 42.00 44.00 NOTE

Check Details

Version: 0.1.1
Check: LazyData
Result: NOTE 'LazyData' is specified without a 'data' directory Flavors: r-devel-linux-x86_64-debian-clang, r-devel-linux-x86_64-debian-gcc, r-devel-linux-x86_64-fedora-clang, r-devel-linux-x86_64-fedora-gcc, r-devel-windows-x86_64, r-patched-linux-x86_64, r-release-linux-x86_64, r-release-macos-arm64, r-release-macos-x86_64, r-release-windows-x86_64, r-oldrel-macos-arm64, r-oldrel-macos-x86_64, r-oldrel-windows-x86_64