Last updated on 2021-02-23 23:50:47 CET.
Flavor | Version | Tinstall | Tcheck | Ttotal | Status | Flags |
---|---|---|---|---|---|---|
r-devel-linux-x86_64-debian-clang | 0.11.0 | 2.97 | 35.33 | 38.30 | OK | |
r-devel-linux-x86_64-debian-gcc | 0.11.0 | 2.20 | 27.78 | 29.98 | OK | |
r-devel-linux-x86_64-fedora-clang | 0.11.0 | 58.36 | OK | |||
r-devel-linux-x86_64-fedora-gcc | 0.11.0 | 47.94 | OK | |||
r-devel-windows-ix86+x86_64 | 0.11.0 | 6.00 | 46.00 | 52.00 | OK | |
r-patched-linux-x86_64 | 0.11.0 | 2.87 | 36.21 | 39.08 | OK | |
r-patched-solaris-x86 | 0.11.0 | 80.30 | OK | |||
r-release-linux-x86_64 | 0.11.0 | 2.92 | 35.99 | 38.91 | OK | |
r-release-macos-x86_64 | 0.11.0 | OK | ||||
r-release-windows-ix86+x86_64 | 0.11.0 | 5.00 | 67.00 | 72.00 | WARN | |
r-oldrel-macos-x86_64 | 0.11.0 | OK | ||||
r-oldrel-windows-ix86+x86_64 | 0.11.0 | 4.00 | 72.00 | 76.00 | OK |
Version: 0.11.0
Check: R files for syntax errors
Result: WARN
Warnings in file 'R/replace_special_characters_internal.R':
unable to translate '<U+00C4>' to native encoding
unable to translate '<U+00D6>' to native encoding
unable to translate '<U+00DC>' to native encoding
unable to translate '<U+00E4>' to native encoding
unable to translate '<U+00F6>' to native encoding
unable to translate '<U+00FC>' to native encoding
unable to translate '<U+00DF>' to native encoding
unable to translate '<U+00C6>' to native encoding
unable to translate '<U+00E6>' to native encoding
unable to translate '<U+00D8>' to native encoding
unable to translate '<U+00F8>' to native encoding
unable to translate '<U+00C5>' to native encoding
unable to translate '<U+00E5>' to native encoding
unable to translate '<U+00C6>' to native encoding
unable to translate '<U+00E6>' to native encoding
unable to translate '<U+00D8>' to native encoding
unable to translate '<U+00F8>' to native encoding
unable to translate '<U+00C6>' to native encoding
unable to translate '<U+00E6>' to native encoding
unable to translate '<U+00D8>' to native encoding
unable to translate '<U+00F8>' to native encoding
unable to translate '<U+00C5>' to native encoding
unable to translate '<U+00E5>' to native encoding
Flavor: r-release-windows-ix86+x86_64