Last updated on 2021-02-25 23:49:11 CET.
Flavor | Version | Tinstall | Tcheck | Ttotal | Status | Flags |
---|---|---|---|---|---|---|
r-devel-linux-x86_64-debian-clang | 0.3 | 11.10 | 124.90 | 136.00 | OK | |
r-devel-linux-x86_64-debian-gcc | 0.3 | 9.00 | 99.28 | 108.28 | OK | |
r-devel-linux-x86_64-fedora-clang | 0.3 | 176.72 | NOTE | |||
r-devel-linux-x86_64-fedora-gcc | 0.3 | 163.56 | NOTE | |||
r-devel-windows-ix86+x86_64 | 0.3 | 19.00 | 111.00 | 130.00 | OK | |
r-patched-linux-x86_64 | 0.3 | 9.79 | 118.93 | 128.72 | OK | |
r-patched-solaris-x86 | 0.3 | 243.90 | NOTE | |||
r-release-linux-x86_64 | 0.3 | 10.48 | 118.25 | 128.73 | OK | |
r-release-macos-x86_64 | 0.3 | NOTE | ||||
r-release-windows-ix86+x86_64 | 0.3 | 26.00 | 10.00 | 36.00 | ERROR | |
r-oldrel-macos-x86_64 | 0.3 | WARN | ||||
r-oldrel-windows-ix86+x86_64 | 0.3 | 15.00 | 134.00 | 149.00 | OK |
Version: 0.3
Check: dependencies in R code
Result: NOTE
Namespaces in Imports field not imported from:
‘compiler’ ‘lmtest’
All declared Imports should be used.
Flavors: r-devel-linux-x86_64-fedora-clang, r-devel-linux-x86_64-fedora-gcc, r-patched-solaris-x86, r-release-macos-x86_64, r-oldrel-macos-x86_64
Version: 0.3
Check: whether package can be installed
Result: ERROR
Installation failed.
See 'd:/Rcompile/CRANpkg/local/4.0/smoothAPC.Rcheck/00install.out'* DONE
Flavor: r-release-windows-ix86+x86_64
Version: 0.3
Check: whether package can be installed
Result: WARN
Found the following significant warnings:
Warning: 'rgl_init' failed, running with rgl.useNULL = TRUE
Flavor: r-oldrel-macos-x86_64