Last updated on 2022-06-29 23:53:31 CEST.
Flavor | Version | Tinstall | Tcheck | Ttotal | Status | Flags |
---|---|---|---|---|---|---|
r-devel-linux-x86_64-debian-clang | 3.1.6 | 212.65 | 557.11 | 769.76 | OK | |
r-devel-linux-x86_64-debian-gcc | 3.1.6 | 170.70 | 392.26 | 562.96 | OK | |
r-devel-linux-x86_64-fedora-clang | 3.1.6 | 1010.31 | NOTE | |||
r-devel-linux-x86_64-fedora-gcc | 3.1.6 | 974.69 | OK | |||
r-devel-windows-x86_64 | 3.1.6 | 369.00 | 240.00 | 609.00 | NOTE | --no-vignettes |
r-patched-linux-x86_64 | 3.1.6 | 188.63 | 512.03 | 700.66 | OK | |
r-release-linux-x86_64 | 3.1.6 | 165.46 | 507.59 | 673.05 | OK | |
r-release-macos-arm64 | 3.1.6 | 247.00 | NOTE | |||
r-release-macos-x86_64 | 3.1.6 | 316.00 | NOTE | |||
r-release-windows-x86_64 | 3.1.6 | 190.00 | 450.00 | 640.00 | NOTE | --no-vignettes |
r-oldrel-macos-arm64 | 3.1.6 | 242.00 | NOTE | |||
r-oldrel-macos-x86_64 | 3.1.6 | 290.00 | NOTE | |||
r-oldrel-windows-ix86+x86_64 | 3.1.6 | 467.00 | 375.00 | 842.00 | NOTE | --no-vignettes |
Version: 3.1.6
Check: installed package size
Result: NOTE
installed size is 13.7Mb
sub-directories of 1Mb or more:
R 1.2Mb
doc 3.4Mb
libs 8.7Mb
Flavors: r-devel-linux-x86_64-fedora-clang, r-release-macos-arm64, r-release-macos-x86_64, r-oldrel-macos-arm64, r-oldrel-macos-x86_64
Version: 3.1.6
Flags: --no-vignettes
Check: package dependencies
Result: NOTE
Package suggested but not available for checking: 'doMC'
Flavors: r-devel-windows-x86_64, r-release-windows-x86_64, r-oldrel-windows-ix86+x86_64
Version: 3.1.6
Flags: --no-vignettes
Check: installed package size
Result: NOTE
installed size is 6.6Mb
sub-directories of 1Mb or more:
R 1.2Mb
doc 3.4Mb
libs 1.7Mb
Flavors: r-devel-windows-x86_64, r-release-windows-x86_64, r-oldrel-windows-ix86+x86_64