Last updated on 2025-01-16 00:49:43 CET.
Flavor | Version | Tinstall | Tcheck | Ttotal | Status | Flags |
---|---|---|---|---|---|---|
r-devel-linux-x86_64-debian-clang | 1.6.0.3 | 65.62 | 90.59 | 156.21 | NOTE | |
r-devel-linux-x86_64-debian-gcc | 1.6.0.3 | 48.98 | 61.26 | 110.24 | NOTE | |
r-devel-linux-x86_64-fedora-clang | 1.6.0.3 | 284.92 | NOTE | |||
r-devel-linux-x86_64-fedora-gcc | 1.6.0.3 | 289.12 | NOTE | |||
r-devel-windows-x86_64 | 1.6.0.3 | 75.00 | 138.00 | 213.00 | NOTE | |
r-patched-linux-x86_64 | 1.6.0.3 | 65.25 | 81.15 | 146.40 | NOTE | |
r-release-linux-x86_64 | 1.6.0.3 | 67.36 | 81.09 | 148.45 | NOTE | |
r-release-macos-arm64 | 1.6.0.3 | 66.00 | NOTE | |||
r-release-macos-x86_64 | 1.6.0.3 | 94.00 | NOTE | |||
r-release-windows-x86_64 | 1.6.0.3 | 75.00 | 135.00 | 210.00 | NOTE | |
r-oldrel-macos-arm64 | 1.6.0.3 | 74.00 | OK | |||
r-oldrel-macos-x86_64 | 1.6.0.3 | 126.00 | OK | |||
r-oldrel-windows-x86_64 | 1.6.0.3 | 85.00 | 170.00 | 255.00 | OK |
Version: 1.6.0.3
Check: Rd files
Result: NOTE
checkRd: (-1) getGlobalOptimum.Rd:16: Lost braces in \itemize; \value handles \item{}{} directly
checkRd: (-1) getGlobalOptimum.Rd:17: Lost braces in \itemize; \value handles \item{}{} directly
checkRd: (-1) getGlobalOptimum.Rd:18: Lost braces in \itemize; \value handles \item{}{} directly
checkRd: (-1) getLocalOptimum.Rd:16: Lost braces in \itemize; \value handles \item{}{} directly
checkRd: (-1) getLocalOptimum.Rd:17: Lost braces in \itemize; \value handles \item{}{} directly
checkRd: (-1) getLocalOptimum.Rd:18: Lost braces in \itemize; \value handles \item{}{} directly
checkRd: (-1) smoof_function.Rd:10: Lost braces
10 | or code{smoof_multi_objective_function}. Both single- and multi-objective functions share the following attributes.
| ^
Flavors: r-devel-linux-x86_64-debian-clang, r-devel-linux-x86_64-debian-gcc, r-devel-linux-x86_64-fedora-clang, r-devel-linux-x86_64-fedora-gcc, r-devel-windows-x86_64, r-patched-linux-x86_64, r-release-linux-x86_64, r-release-macos-arm64, r-release-macos-x86_64, r-release-windows-x86_64