CRAN Package Check Results for Package smog

Last updated on 2022-12-03 23:56:27 CET.

Flavor Version Tinstall Tcheck Ttotal Status Flags
r-devel-linux-x86_64-debian-clang 2.1.0 65.67 80.97 146.64 NOTE
r-devel-linux-x86_64-debian-gcc 2.1.0 51.34 61.60 112.94 NOTE
r-devel-linux-x86_64-fedora-clang 2.1.0 223.76 NOTE
r-devel-linux-x86_64-fedora-gcc 2.1.0 198.50 NOTE
r-devel-windows-x86_64 2.1.0 58.00 134.00 192.00 NOTE
r-patched-linux-x86_64 2.1.0 51.78 73.06 124.84 NOTE
r-release-linux-x86_64 2.1.0 43.75 72.61 116.36 NOTE
r-release-macos-arm64 2.1.0 47.00 NOTE
r-release-macos-x86_64 2.1.0 77.00 NOTE
r-release-windows-x86_64 2.1.0 59.00 128.00 187.00 NOTE
r-oldrel-macos-arm64 2.1.0 56.00 NOTE
r-oldrel-macos-x86_64 2.1.0 94.00 NOTE
r-oldrel-windows-ix86+x86_64 2.1.0 150.00 150.00 300.00 NOTE

Check Details

Version: 2.1.0
Check: LazyData
Result: NOTE
     'LazyData' is specified without a 'data' directory
Flavors: r-devel-linux-x86_64-debian-clang, r-devel-linux-x86_64-debian-gcc, r-devel-linux-x86_64-fedora-clang, r-devel-linux-x86_64-fedora-gcc, r-devel-windows-x86_64, r-patched-linux-x86_64, r-release-linux-x86_64, r-release-macos-arm64, r-release-macos-x86_64, r-release-windows-x86_64, r-oldrel-macos-arm64, r-oldrel-macos-x86_64, r-oldrel-windows-ix86+x86_64

Version: 2.1.0
Check: dependencies in R code
Result: NOTE
    Namespaces in Imports field not imported from:
     ‘Rdpack’ ‘rmarkdown’
     All declared Imports should be used.
Flavors: r-devel-linux-x86_64-fedora-clang, r-devel-linux-x86_64-fedora-gcc, r-release-macos-arm64, r-release-macos-x86_64, r-oldrel-macos-arm64, r-oldrel-macos-x86_64

Version: 2.1.0
Check: installed package size
Result: NOTE
     installed size is 5.4Mb
     sub-directories of 1Mb or more:
     libs 5.2Mb
Flavor: r-oldrel-macos-arm64