CRAN Package Check Results for Package smmR

Last updated on 2022-12-01 23:51:56 CET.

Flavor Version Tinstall Tcheck Ttotal Status Flags
r-devel-linux-x86_64-debian-clang 1.0.3 52.83 101.77 154.60 OK
r-devel-linux-x86_64-debian-gcc 1.0.3 40.89 75.24 116.13 OK
r-devel-linux-x86_64-fedora-clang 1.0.3 213.83 OK
r-devel-linux-x86_64-fedora-gcc 1.0.3 230.42 OK
r-devel-windows-x86_64 1.0.3 66.00 154.00 220.00 OK
r-patched-linux-x86_64 1.0.3 46.28 93.93 140.21 OK
r-release-linux-x86_64 1.0.3 46.12 95.37 141.49 OK
r-release-macos-arm64 1.0.3 49.00 NOTE
r-release-macos-x86_64 1.0.3 67.00 NOTE
r-release-windows-x86_64 1.0.3 63.00 150.00 213.00 OK
r-oldrel-macos-arm64 1.0.3 56.00 NOTE
r-oldrel-macos-x86_64 1.0.3 68.00 NOTE
r-oldrel-windows-ix86+x86_64 1.0.3 119.00 147.00 266.00 OK

Check Details

Version: 1.0.3
Check: installed package size
Result: NOTE
     installed size is 5.2Mb
     sub-directories of 1Mb or more:
     libs 4.4Mb
Flavors: r-release-macos-arm64, r-release-macos-x86_64, r-oldrel-macos-arm64, r-oldrel-macos-x86_64