Last updated on 2022-06-26 23:52:10 CEST.
Flavor | Version | Tinstall | Tcheck | Ttotal | Status | Flags |
---|---|---|---|---|---|---|
r-devel-linux-x86_64-debian-clang | 1.6.2 | 11.85 | 145.93 | 157.78 | OK | |
r-devel-linux-x86_64-debian-gcc | 1.7.0 | 9.04 | 107.03 | 116.07 | OK | |
r-devel-linux-x86_64-fedora-clang | 1.7.0 | 196.48 | NOTE | |||
r-devel-linux-x86_64-fedora-gcc | 1.7.0 | 185.20 | OK | |||
r-devel-windows-x86_64 | 1.6.2 | 26.00 | 148.00 | 174.00 | OK | |
r-patched-linux-x86_64 | 1.7.0 | 11.73 | 138.26 | 149.99 | OK | |
r-release-linux-x86_64 | 1.7.0 | 7.40 | 138.88 | 146.28 | OK | |
r-release-macos-arm64 | 1.7.0 | 51.00 | OK | |||
r-release-macos-x86_64 | 1.7.0 | 75.00 | OK | |||
r-release-windows-x86_64 | 1.7.0 | 20.00 | 124.00 | 144.00 | OK | |
r-oldrel-macos-arm64 | 1.7.0 | 53.00 | OK | |||
r-oldrel-macos-x86_64 | 1.7.0 | 74.00 | OK | |||
r-oldrel-windows-ix86+x86_64 | 1.7.0 | 21.00 | 150.00 | 171.00 | OK |
Version: 1.7.0
Check: Rd cross-references
Result: NOTE
Undeclared package ‘mice’ in Rd xrefs
Flavor: r-devel-linux-x86_64-fedora-clang