Last updated on 2021-01-25 23:49:20 CET.
Flavor | Version | Tinstall | Tcheck | Ttotal | Status | Flags |
---|---|---|---|---|---|---|
r-devel-linux-x86_64-debian-clang | 1.0.3 | 6.74 | 249.18 | 255.92 | OK | |
r-devel-linux-x86_64-debian-gcc | 1.0.3 | 5.73 | 172.81 | 178.54 | OK | |
r-devel-linux-x86_64-fedora-clang | 1.0.3 | 306.37 | NOTE | |||
r-devel-linux-x86_64-fedora-gcc | 1.0.3 | 288.74 | NOTE | |||
r-devel-windows-ix86+x86_64 | 1.0.3 | 21.00 | 299.00 | 320.00 | OK | |
r-patched-linux-x86_64 | 1.0.3 | 4.52 | 226.59 | 231.11 | OK | |
r-release-linux-x86_64 | 1.0.3 | 4.53 | 232.92 | 237.45 | OK | |
r-release-macos-x86_64 | 1.0.3 | NOTE | ||||
r-release-windows-ix86+x86_64 | 1.0.3 | 20.00 | 199.00 | 219.00 | OK | |
r-oldrel-macos-x86_64 | 1.0.3 | NOTE | ||||
r-oldrel-windows-ix86+x86_64 | 1.0.3 | 14.00 | 294.00 | 308.00 | OK |
Version: 1.0.3
Check: package dependencies
Result: NOTE
Imports includes 23 non-default packages.
Importing from so many packages makes the package vulnerable to any of
them becoming unavailable. Move as many as possible to Suggests and
use conditionally.
Flavor: r-devel-linux-x86_64-fedora-clang
Version: 1.0.3
Check: dependencies in R code
Result: NOTE
Namespaces in Imports field not imported from:
‘Amelia’ ‘Boruta’ ‘DMwR’ ‘MVN’ ‘NoiseFiltersR’ ‘VIM’ ‘adaptiveGPCA’
‘class’ ‘clusterSim’ ‘denoiseR’ ‘discretization’ ‘imbalance’ ‘lle’
‘missForest’ ‘missMDA’ ‘outliers’ ‘unbalanced’
All declared Imports should be used.
Flavors: r-devel-linux-x86_64-fedora-clang, r-devel-linux-x86_64-fedora-gcc, r-release-macos-x86_64, r-oldrel-macos-x86_64