CRAN Package Check Results for Package smam

Last updated on 2022-01-26 23:50:33 CET.

Flavor Version Tinstall Tcheck Ttotal Status Flags
r-devel-linux-x86_64-debian-clang 0.6.0 85.35 62.28 147.63 NOTE
r-devel-linux-x86_64-debian-gcc 0.6.0 59.50 48.24 107.74 NOTE
r-devel-linux-x86_64-fedora-clang 0.6.0 226.50 NOTE
r-devel-linux-x86_64-fedora-gcc 0.6.0 182.38 NOTE
r-devel-windows-x86_64-new-UL 0.6.0 100.00 115.00 215.00 NOTE
r-devel-windows-x86_64-new-TK 0.6.0 ERROR
r-patched-linux-x86_64 0.6.0 68.74 59.49 128.23 NOTE
r-release-linux-x86_64 0.6.0 64.52 59.69 124.21 NOTE
r-release-macos-arm64 0.6.0 NOTE
r-release-macos-x86_64 0.6.0 NOTE
r-release-windows-ix86+x86_64 0.6.0 197.00 113.00 310.00 NOTE
r-oldrel-macos-x86_64 0.6.0 NOTE
r-oldrel-windows-ix86+x86_64 0.6.0 199.00 110.00 309.00 NOTE

Check Details

Version: 0.6.0
Check: for GNU extensions in Makefiles
Result: NOTE
    GNU make is a SystemRequirements.
Flavors: r-devel-linux-x86_64-debian-clang, r-devel-linux-x86_64-debian-gcc, r-devel-linux-x86_64-fedora-clang, r-devel-linux-x86_64-fedora-gcc, r-devel-windows-x86_64-new-UL, r-patched-linux-x86_64, r-release-linux-x86_64, r-release-macos-arm64, r-release-macos-x86_64, r-release-windows-ix86+x86_64, r-oldrel-macos-x86_64, r-oldrel-windows-ix86+x86_64

Version: 0.6.0
Check: installed package size
Result: NOTE
     installed size is 5.3Mb
     sub-directories of 1Mb or more:
     libs 4.7Mb
Flavors: r-devel-linux-x86_64-fedora-clang, r-release-macos-arm64, r-release-macos-x86_64, r-oldrel-macos-x86_64

Version: 0.6.0
Check: package dependencies
Result: ERROR
    Package required but not available: 'nloptr'
    
    See section 'The DESCRIPTION file' in the 'Writing R Extensions'
    manual.
Flavor: r-devel-windows-x86_64-new-TK