CRAN Package Check Results for Package slp

Last updated on 2020-01-19 23:46:58 CET.

Flavor Version Tinstall Tcheck Ttotal Status Flags
r-devel-linux-x86_64-debian-clang 1.0-5 7.82 67.41 75.23 OK
r-devel-linux-x86_64-debian-gcc 1.0-5 7.68 53.72 61.40 OK
r-devel-linux-x86_64-fedora-clang 1.0-5 97.48 NOTE
r-devel-linux-x86_64-fedora-gcc 1.0-5 95.69 NOTE
r-devel-windows-ix86+x86_64 1.0-5 29.00 104.00 133.00 OK
r-devel-windows-ix86+x86_64-gcc8 1.0-5 20.00 140.00 160.00 OK
r-patched-linux-x86_64 1.0-5 6.74 61.87 68.61 OK
r-patched-solaris-x86 1.0-5 145.60 OK
r-release-linux-x86_64 1.0-5 7.46 62.21 69.67 OK
r-release-windows-ix86+x86_64 1.0-5 28.00 96.00 124.00 OK
r-release-osx-x86_64 1.0-5 OK
r-oldrel-windows-ix86+x86_64 1.0-5 13.00 118.00 131.00 OK
r-oldrel-osx-x86_64 1.0-5 OK

Check Details

Version: 1.0-5
Check: compiled code
Result: NOTE
    File ‘slp/libs/slp.so’:
     Found no calls to: ‘R_registerRoutines’, ‘R_useDynamicSymbols’
    
    It is good practice to register native routines and to disable symbol
    search.
    
    See ‘Writing portable packages’ in the ‘Writing R Extensions’ manual.
Flavors: r-devel-linux-x86_64-fedora-clang, r-devel-linux-x86_64-fedora-gcc