CRAN Package Check Results for Package slp

Last updated on 2020-08-13 23:48:46 CEST.

Flavor Version Tinstall Tcheck Ttotal Status Flags
r-devel-linux-x86_64-debian-clang 1.0-5 9.04 67.93 76.97 OK
r-devel-linux-x86_64-debian-gcc 1.0-5 6.86 53.82 60.68 OK
r-devel-linux-x86_64-fedora-clang 1.0-5 106.70 NOTE
r-devel-linux-x86_64-fedora-gcc 1.0-5 94.79 NOTE
r-devel-windows-ix86+x86_64 1.0-5 26.00 145.00 171.00 OK
r-patched-linux-x86_64 1.0-5 7.79 68.35 76.14 OK
r-patched-solaris-x86 1.0-5 157.60 OK
r-release-linux-x86_64 1.0-5 8.35 69.43 77.78 OK
r-release-macos-x86_64 1.0-5 OK
r-release-windows-ix86+x86_64 1.0-5 28.00 104.00 132.00 OK
r-oldrel-macos-x86_64 1.0-5 OK
r-oldrel-windows-ix86+x86_64 1.0-5 17.00 122.00 139.00 OK

Check Details

Version: 1.0-5
Check: compiled code
Result: NOTE
    File ‘slp/libs/slp.so’:
     Found no calls to: ‘R_registerRoutines’, ‘R_useDynamicSymbols’
    
    It is good practice to register native routines and to disable symbol
    search.
    
    See ‘Writing portable packages’ in the ‘Writing R Extensions’ manual.
Flavors: r-devel-linux-x86_64-fedora-clang, r-devel-linux-x86_64-fedora-gcc