CRAN Package Check Results for Package slideview

Last updated on 2019-12-08 23:47:39 CET.

Flavor Version Tinstall Tcheck Ttotal Status Flags
r-devel-linux-x86_64-debian-clang 0.1.0 8.48 68.34 76.82 OK
r-devel-linux-x86_64-debian-gcc 0.1.0 7.12 53.67 60.79 OK
r-devel-linux-x86_64-fedora-clang 0.1.0 92.40 NOTE
r-devel-linux-x86_64-fedora-gcc 0.1.0 91.35 NOTE
r-devel-windows-ix86+x86_64 0.1.0 16.00 93.00 109.00 OK
r-devel-windows-ix86+x86_64-gcc8 0.1.0 15.00 102.00 117.00 OK
r-patched-linux-x86_64 0.1.0 6.97 61.05 68.02 OK
r-patched-solaris-x86 0.1.0 131.40 NOTE
r-release-linux-x86_64 0.1.0 7.02 61.79 68.81 OK
r-release-windows-ix86+x86_64 0.1.0 19.00 68.00 87.00 OK
r-release-osx-x86_64 0.1.0 NOTE
r-oldrel-windows-ix86+x86_64 0.1.0 8.00 77.00 85.00 OK
r-oldrel-osx-x86_64 0.1.0 NOTE

Check Details

Version: 0.1.0
Check: dependencies in R code
Result: NOTE
    Namespace in Imports field not imported from: ‘viridisLite’
     All declared Imports should be used.
Flavors: r-devel-linux-x86_64-fedora-clang, r-devel-linux-x86_64-fedora-gcc, r-patched-solaris-x86, r-release-osx-x86_64, r-oldrel-osx-x86_64