CRAN Package Check Results for Package slideview

Last updated on 2019-08-18 23:47:45 CEST.

Flavor Version Tinstall Tcheck Ttotal Status Flags
r-devel-linux-x86_64-debian-clang 0.1.0 7.44 61.35 68.79 OK
r-devel-linux-x86_64-debian-gcc 0.1.0 6.61 50.04 56.65 OK
r-devel-linux-x86_64-fedora-clang 0.1.0 85.18 NOTE
r-devel-linux-x86_64-fedora-gcc 0.1.0 84.63 NOTE
r-devel-windows-ix86+x86_64 0.1.0 17.00 80.00 97.00 OK
r-patched-linux-x86_64 0.1.0 6.94 61.46 68.40 OK
r-patched-solaris-x86 0.1.0 134.80 NOTE
r-release-linux-x86_64 0.1.0 7.07 62.22 69.29 OK
r-release-windows-ix86+x86_64 0.1.0 13.00 71.00 84.00 OK
r-release-osx-x86_64 0.1.0 NOTE
r-oldrel-windows-ix86+x86_64 0.1.0 10.00 91.00 101.00 OK
r-oldrel-osx-x86_64 0.1.0 NOTE

Check Details

Version: 0.1.0
Check: dependencies in R code
Result: NOTE
    Namespace in Imports field not imported from: ‘viridisLite’
     All declared Imports should be used.
Flavors: r-devel-linux-x86_64-fedora-clang, r-devel-linux-x86_64-fedora-gcc, r-patched-solaris-x86, r-release-osx-x86_64, r-oldrel-osx-x86_64