CRAN Package Check Results for Package slickR

Last updated on 2019-11-10 23:48:41 CET.

Flavor Version Tinstall Tcheck Ttotal Status Flags
r-devel-linux-x86_64-debian-clang 0.4.4 3.29 51.68 54.97 OK
r-devel-linux-x86_64-debian-gcc 0.4.4 2.44 41.62 44.06 OK
r-devel-linux-x86_64-fedora-clang 0.4.4 77.68 OK
r-devel-linux-x86_64-fedora-gcc 0.4.4 68.38 OK
r-devel-windows-ix86+x86_64 0.4.4 10.00 75.00 85.00 OK
r-patched-linux-x86_64 0.4.4 2.95 50.77 53.72 OK
r-patched-solaris-x86 0.4.4 89.70 WARN
r-release-linux-x86_64 0.4.4 2.88 50.68 53.56 OK
r-release-windows-ix86+x86_64 0.4.4 11.00 72.00 83.00 OK
r-release-osx-x86_64 0.4.4 WARN
r-oldrel-windows-ix86+x86_64 0.4.4 9.00 97.00 106.00 OK
r-oldrel-osx-x86_64 0.4.4 WARN

Check Details

Version: 0.4.4
Check: re-building of vignette outputs
Result: WARN
    Error(s) in re-building vignettes:
     ...
    --- re-building ‘basics.Rmd’ using rmarkdown
    Warning in engine$weave(file, quiet = quiet, encoding = enc) :
     Pandoc (>= 1.12.3) and/or pandoc-citeproc not available. Falling back to R Markdown v1.
    Quitting from lines 29-30 (basics.Rmd)
    Error: processing vignette 'basics.Rmd' failed with diagnostics:
    there is no package called 'webshot'
    --- failed re-building ‘basics.Rmd’
    
    --- re-building ‘iframes.Rmd’ using rmarkdown
    Warning in engine$weave(file, quiet = quiet, encoding = enc) :
     Pandoc (>= 1.12.3) and/or pandoc-citeproc not available. Falling back to R Markdown v1.
    Quitting from lines 76-87 (iframes.Rmd)
    Error: processing vignette 'iframes.Rmd' failed with diagnostics:
    there is no package called 'webshot'
    --- failed re-building ‘iframes.Rmd’
    
    --- re-building ‘pdfs.Rmd’ using rmarkdown
    Warning in engine$weave(file, quiet = quiet, encoding = enc) :
     Pandoc (>= 1.12.3) and/or pandoc-citeproc not available. Falling back to R Markdown v1.
    Quitting from lines 31-33 (pdfs.Rmd)
    Error: processing vignette 'pdfs.Rmd' failed with diagnostics:
    there is no package called 'webshot'
    --- failed re-building ‘pdfs.Rmd’
    
    --- re-building ‘plots.Rmd’ using rmarkdown
    Warning in engine$weave(file, quiet = quiet, encoding = enc) :
     Pandoc (>= 1.12.3) and/or pandoc-citeproc not available. Falling back to R Markdown v1.
    Quitting from lines 88-93 (plots.Rmd)
    Error: processing vignette 'plots.Rmd' failed with diagnostics:
    there is no package called 'webshot'
    --- failed re-building ‘plots.Rmd’
    
    --- re-building ‘shiny.Rmd’ using rmarkdown
    Warning in engine$weave(file, quiet = quiet, encoding = enc) :
     Pandoc (>= 1.12.3) and/or pandoc-citeproc not available. Falling back to R Markdown v1.
    --- finished re-building ‘shiny.Rmd’
    
    SUMMARY: processing the following files failed:
     ‘basics.Rmd’ ‘iframes.Rmd’ ‘pdfs.Rmd’ ‘plots.Rmd’
    
    Error: Vignette re-building failed.
    Execution halted
Flavor: r-patched-solaris-x86

Version: 0.4.4
Check: re-building of vignette outputs
Result: WARN
    Error(s) in re-building vignettes:
    --- re-building ‘basics.Rmd’ using rmarkdown
    Warning in engine$weave(file, quiet = quiet, encoding = enc) :
     Pandoc (>= 1.12.3) and/or pandoc-citeproc not available. Falling back to R Markdown v1.
    Quitting from lines 29-30 (basics.Rmd)
    Error: processing vignette 'basics.Rmd' failed with diagnostics:
    cannot open the connection
    --- failed re-building ‘basics.Rmd’
    
    --- re-building ‘iframes.Rmd’ using rmarkdown
    Warning in engine$weave(file, quiet = quiet, encoding = enc) :
     Pandoc (>= 1.12.3) and/or pandoc-citeproc not available. Falling back to R Markdown v1.
    Quitting from lines 76-87 (iframes.Rmd)
    Error: processing vignette 'iframes.Rmd' failed with diagnostics:
    cannot open the connection
    --- failed re-building ‘iframes.Rmd’
    
    --- re-building ‘pdfs.Rmd’ using rmarkdown
    Warning in engine$weave(file, quiet = quiet, encoding = enc) :
     Pandoc (>= 1.12.3) and/or pandoc-citeproc not available. Falling back to R Markdown v1.
    Quitting from lines 31-33 (pdfs.Rmd)
    Error: processing vignette 'pdfs.Rmd' failed with diagnostics:
    cannot open the connection
    --- failed re-building ‘pdfs.Rmd’
    
    --- re-building ‘plots.Rmd’ using rmarkdown
    Warning in engine$weave(file, quiet = quiet, encoding = enc) :
     Pandoc (>= 1.12.3) and/or pandoc-citeproc not available. Falling back to R Markdown v1.
    Quitting from lines 88-93 (plots.Rmd)
    Error: processing vignette 'plots.Rmd' failed with diagnostics:
    cannot open the connection
    --- failed re-building ‘plots.Rmd’
    
    --- re-building ‘shiny.Rmd’ using rmarkdown
    Warning in engine$weave(file, quiet = quiet, encoding = enc) :
     Pandoc (>= 1.12.3) and/or pandoc-citeproc not available. Falling back to R Markdown v1.
    --- finished re-building ‘shiny.Rmd’
    
    SUMMARY: processing the following files failed:
     ‘basics.Rmd’ ‘iframes.Rmd’ ‘pdfs.Rmd’ ‘plots.Rmd’
    
    Error: Vignette re-building failed.
    Execution halted
Flavor: r-release-osx-x86_64

Version: 0.4.4
Check: re-building of vignette outputs
Result: WARN
    Error in re-building vignettes:
     ...
    Warning in engine$weave(file, quiet = quiet, encoding = enc) :
     Pandoc (>= 1.12.3) and/or pandoc-citeproc not available. Falling back to R Markdown v1.
    Quitting from lines 29-30 (basics.Rmd)
    Error: processing vignette 'basics.Rmd' failed with diagnostics:
    cannot open the connection
    Execution halted
Flavor: r-oldrel-osx-x86_64