CRAN Package Check Results for Package sisal

Last updated on 2019-05-21 02:47:26 CEST.

Flavor Version Tinstall Tcheck Ttotal Status Flags
r-devel-linux-x86_64-debian-clang 0.46 13.67 108.73 122.40 OK
r-devel-linux-x86_64-debian-gcc 0.46 13.88 84.10 97.98 OK
r-devel-linux-x86_64-fedora-clang 0.46 155.33 OK
r-devel-linux-x86_64-fedora-gcc 0.46 152.65 OK
r-devel-windows-ix86+x86_64 0.46 29.00 149.00 178.00 OK
r-patched-linux-x86_64 0.46 12.77 108.31 121.08 OK
r-patched-solaris-x86 0.46 217.10 OK
r-release-linux-x86_64 0.46 13.39 108.70 122.09 OK
r-release-windows-ix86+x86_64 0.46 30.00 155.00 185.00 OK
r-release-osx-x86_64 0.46 NOTE
r-oldrel-windows-ix86+x86_64 0.46 13.00 102.00 115.00 OK
r-oldrel-osx-x86_64 0.46 OK

Check Details

Version: 0.46
Check: package dependencies
Result: NOTE
    Packages suggested but not available for checking: 'graph', 'Rgraphviz'
Flavor: r-release-osx-x86_64

Version: 0.46
Check: Rd cross-references
Result: NOTE
    Packages unavailable to check Rd xrefs: ‘Rgraphviz’, ‘graph’
Flavor: r-release-osx-x86_64