Last updated on 2021-04-22 23:49:55 CEST.
Flavor | Version | Tinstall | Tcheck | Ttotal | Status | Flags |
---|---|---|---|---|---|---|
r-devel-linux-x86_64-debian-clang | 0.48 | 18.20 | 136.84 | 155.04 | OK | |
r-devel-linux-x86_64-debian-gcc | 0.48 | 12.99 | 102.74 | 115.73 | OK | |
r-devel-linux-x86_64-fedora-clang | 0.48 | 190.26 | OK | |||
r-devel-linux-x86_64-fedora-gcc | 0.48 | 180.79 | OK | |||
r-devel-windows-ix86+x86_64 | 0.48 | 30.00 | 169.00 | 199.00 | OK | |
r-devel-windows-x86_64-gcc10-UCRT | 0.48 | NOTE | ||||
r-patched-linux-x86_64 | 0.48 | 17.04 | 126.11 | 143.15 | OK | |
r-patched-solaris-x86 | 0.48 | 237.10 | OK | |||
r-release-linux-x86_64 | 0.48 | 15.53 | 125.89 | 141.42 | OK | |
r-release-macos-x86_64 | 0.48 | OK | ||||
r-release-windows-ix86+x86_64 | 0.48 | 30.00 | 175.00 | 205.00 | OK | |
r-oldrel-macos-x86_64 | 0.48 | OK | ||||
r-oldrel-windows-ix86+x86_64 | 0.48 | 24.00 | 143.00 | 167.00 | OK |
Version: 0.48
Check: package dependencies
Result: NOTE
Package suggested but not available for checking: 'Rgraphviz'
Flavor: r-devel-windows-x86_64-gcc10-UCRT
Version: 0.48
Check: Rd cross-references
Result: NOTE
Package unavailable to check Rd xrefs: 'Rgraphviz'
Flavor: r-devel-windows-x86_64-gcc10-UCRT