CRAN Package Check Results for Package sisal

Last updated on 2019-07-22 06:47:49 CEST.

Flavor Version Tinstall Tcheck Ttotal Status Flags
r-devel-linux-x86_64-debian-clang 0.46 14.04 107.33 121.37 OK
r-devel-linux-x86_64-debian-gcc 0.46 12.46 84.62 97.08 OK
r-devel-linux-x86_64-fedora-clang 0.46 153.39 OK
r-devel-linux-x86_64-fedora-gcc 0.46 145.24 OK
r-devel-windows-ix86+x86_64 0.46 19.00 147.00 166.00 OK
r-patched-linux-x86_64 0.46 14.10 108.96 123.06 OK
r-patched-solaris-x86 0.46 216.10 OK
r-release-linux-x86_64 0.46 15.11 107.77 122.88 OK
r-release-windows-ix86+x86_64 0.46 21.00 115.00 136.00 OK
r-release-osx-x86_64 0.46 NOTE
r-oldrel-windows-ix86+x86_64 0.46 22.00 101.00 123.00 OK
r-oldrel-osx-x86_64 0.46 OK

Check Details

Version: 0.46
Check: package dependencies
Result: NOTE
    Packages suggested but not available for checking: 'graph', 'Rgraphviz'
Flavor: r-release-osx-x86_64

Version: 0.46
Check: Rd cross-references
Result: NOTE
    Packages unavailable to check Rd xrefs: ‘Rgraphviz’, ‘graph’
Flavor: r-release-osx-x86_64