CRAN Package Check Results for Package simulator

Last updated on 2021-04-22 23:49:55 CEST.

Flavor Version Tinstall Tcheck Ttotal Status Flags
r-devel-linux-x86_64-debian-clang 0.2.0 7.80 105.69 113.49 NOTE --no-vignettes
r-devel-linux-x86_64-debian-gcc 0.2.0 6.51 86.76 93.27 NOTE --no-vignettes
r-devel-linux-x86_64-fedora-clang 0.2.0 606.54 NOTE
r-devel-linux-x86_64-fedora-gcc 0.2.0 622.42 NOTE
r-devel-windows-ix86+x86_64 0.2.0 13.00 130.00 143.00 NOTE --no-vignettes
r-devel-windows-x86_64-gcc10-UCRT 0.2.0 NOTE
r-patched-linux-x86_64 0.2.0 8.84 102.51 111.35 WARN --no-vignettes
r-patched-solaris-x86 0.2.0 2338.50 OK
r-release-linux-x86_64 0.2.0 7.48 100.95 108.43 OK --no-vignettes
r-release-macos-x86_64 0.2.0 OK
r-release-windows-ix86+x86_64 0.2.0 13.00 136.00 149.00 OK --no-vignettes
r-oldrel-macos-x86_64 0.2.0 FAIL
r-oldrel-windows-ix86+x86_64 0.2.0 10.00 128.00 138.00 OK --no-vignettes

Check Details

Version: 0.2.0
Flags: --no-vignettes
Check: LazyData
Result: NOTE
     'LazyData' is specified without a 'data' directory
Flavors: r-devel-linux-x86_64-debian-clang, r-devel-linux-x86_64-debian-gcc, r-devel-windows-ix86+x86_64

Version: 0.2.0
Check: LazyData
Result: NOTE
     'LazyData' is specified without a 'data' directory
Flavors: r-devel-linux-x86_64-fedora-clang, r-devel-linux-x86_64-fedora-gcc, r-devel-windows-x86_64-gcc10-UCRT

Version: 0.2.0
Flags: --no-vignettes
Check: whether package can be installed
Result: WARN
    Found the following significant warnings:
     Rd warning: /tmp/RtmpeO0Wme/R.INSTALL1e6172975505/simulator/man/do_in_parallel.Rd:24: file link ‘makePSOCKcluster’ in package ‘parallel’ does not exist and so has been treated as a topic
     Rd warning: /tmp/RtmpeO0Wme/R.INSTALL1e6172975505/simulator/man/run_extmethod_parallel.Rd:30: file link ‘makePSOCKcluster’ in package ‘parallel’ does not exist and so has been treated as a topic
     Rd warning: /tmp/RtmpeO0Wme/R.INSTALL1e6172975505/simulator/man/run_method_parallel.Rd:30: file link ‘makePSOCKcluster’ in package ‘parallel’ does not exist and so has been treated as a topic
     Rd warning: /tmp/RtmpeO0Wme/R.INSTALL1e6172975505/simulator/man/simulate_parallel.Rd:24: file link ‘nextRNGStream’ in package ‘parallel’ does not exist and so has been treated as a topic
     Rd warning: /tmp/RtmpeO0Wme/R.INSTALL1e6172975505/simulator/man/simulate_parallel.Rd:27: file link ‘makePSOCKcluster’ in package ‘parallel’ does not exist and so has been treated as a topic
Flavor: r-patched-linux-x86_64

Version: 0.2.0
Check: re-building of vignette outputs
Result: FAIL
Flavor: r-oldrel-macos-x86_64