CRAN Package Check Results for Package simulator

Last updated on 2020-05-24 23:47:55 CEST.

Flavor Version Tinstall Tcheck Ttotal Status Flags
r-devel-linux-x86_64-debian-clang 0.2.0 9.14 97.23 106.37 OK --no-vignettes
r-devel-linux-x86_64-debian-gcc 0.2.0 6.50 83.57 90.07 OK --no-vignettes
r-devel-linux-x86_64-fedora-clang 0.2.0 580.25 OK
r-devel-linux-x86_64-fedora-gcc 0.2.0 627.81 OK
r-devel-windows-ix86+x86_64 0.2.0 20.00 116.00 136.00 OK --no-vignettes
r-patched-linux-x86_64 0.2.0 6.79 97.09 103.88 OK --no-vignettes
r-patched-solaris-x86 0.2.0 2252.80 OK
r-release-linux-x86_64 0.2.0 6.92 95.87 102.79 OK --no-vignettes
r-release-osx-x86_64 0.2.0 OK
r-release-windows-ix86+x86_64 0.2.0 13.00 141.00 154.00 OK --no-vignettes
r-oldrel-osx-x86_64 0.2.0 FAIL
r-oldrel-windows-ix86+x86_64 0.2.0 11.00 146.00 157.00 OK --no-vignettes

Check Details

Version: 0.2.0
Check: re-building of vignette outputs
Result: FAIL
Flavor: r-oldrel-osx-x86_64