CRAN Package Check Results for Package simulator

Last updated on 2019-07-15 00:50:51 CEST.

Flavor Version Tinstall Tcheck Ttotal Status Flags
r-devel-linux-x86_64-debian-clang 0.2.0 6.48 97.84 104.32 OK --no-vignettes
r-devel-linux-x86_64-debian-gcc 0.2.0 5.97 84.84 90.81 OK --no-vignettes
r-devel-linux-x86_64-fedora-clang 0.2.0 595.89 OK
r-devel-linux-x86_64-fedora-gcc 0.2.0 582.16 OK
r-devel-windows-ix86+x86_64 0.2.0 10.00 95.00 105.00 OK --no-vignettes
r-patched-linux-x86_64 0.2.0 7.28 98.29 105.57 OK --no-vignettes
r-patched-solaris-x86 0.2.0 1923.50 OK
r-release-linux-x86_64 0.2.0 7.06 97.66 104.72 OK --no-vignettes
r-release-windows-ix86+x86_64 0.2.0 10.00 129.00 139.00 OK --no-vignettes
r-release-osx-x86_64 0.2.0 FAIL
r-oldrel-windows-ix86+x86_64 0.2.0 12.00 84.00 96.00 OK --no-vignettes
r-oldrel-osx-x86_64 0.2.0 FAIL

Check Details

Version: 0.2.0
Check: re-building of vignette outputs
Result: FAIL
    
Flavor: r-release-osx-x86_64

Version: 0.2.0
Check: re-building of vignette outputs
Result: WARN
    Error in re-building vignettes:
     ...
    Shutting down cluster.
    Shutting down cluster.
    Shutting down cluster.
    Shutting down cluster.
    Shutting down cluster.
    Shutting down cluster.
    Shutting down cluster.
    Shutting down cluster.
    Shutting down cluster.
    Shutting down cluster.
    Shutting down cluster.
    Shutting down cluster.
    Warning: Ignoring unknown aesthetics: position
    Warning: Ignoring unknown aesthetics: position
    Warning: Ignoring unknown aesthetics: position
    Warning: Ignoring unknown aesthetics: position
    Warning: Ignoring unknown aesthetics: position
    Warning: Ignoring unknown aesthetics: position
    Shutting down cluster.
    Warning in engine$weave(file, quiet = quiet, encoding = enc) :
     Pandoc (>= 1.12.3) and/or pandoc-citeproc not available. Falling back to R Markdown v1.
    Warning in engine$weave(file, quiet = quiet, encoding = enc) :
     Pandoc (>= 1.12.3) and/or pandoc-citeproc not available. Falling back to R Markdown v1.
    
    Execution halted
Flavor: r-oldrel-osx-x86_64

Version: 0.2.0
Check: PDF version of manual
Result: FAIL
    
Flavor: r-oldrel-osx-x86_64