CRAN Package Check Results for Package simplexreg

Last updated on 2022-08-18 23:58:38 CEST.

Flavor Version Tinstall Tcheck Ttotal Status Flags
r-devel-linux-x86_64-debian-clang 1.3 6.29 43.25 49.54 OK
r-devel-linux-x86_64-debian-gcc 1.3 4.42 32.45 36.87 OK
r-devel-linux-x86_64-fedora-clang 1.3 68.66 NOTE
r-devel-linux-x86_64-fedora-gcc 1.3 66.42 NOTE
r-devel-windows-x86_64 1.3 37.00 71.00 108.00 OK
r-patched-linux-x86_64 1.3 6.56 41.03 47.59 OK
r-release-linux-x86_64 1.3 OK
r-release-macos-arm64 1.3 23.00 OK
r-release-macos-x86_64 1.3 29.00 OK
r-release-windows-x86_64 1.3 12.00 73.00 85.00 OK
r-oldrel-macos-arm64 1.3 30.00 OK
r-oldrel-macos-x86_64 1.3 41.00 OK
r-oldrel-windows-ix86+x86_64 1.3 13.00 60.00 73.00 OK

Check Details

Version: 1.3
Check: compiled code
Result: NOTE
    File ‘simplexreg/libs/simplexreg.so’:
     Found no calls to: ‘R_registerRoutines’, ‘R_useDynamicSymbols’
    
    It is good practice to register native routines and to disable symbol
    search.
    
    See ‘Writing portable packages’ in the ‘Writing R Extensions’ manual.
Flavors: r-devel-linux-x86_64-fedora-clang, r-devel-linux-x86_64-fedora-gcc