CRAN Package Check Results for Package signal

Last updated on 2019-10-06 23:47:12 CEST.

Flavor Version Tinstall Tcheck Ttotal Status Flags
r-devel-linux-x86_64-debian-clang 0.7-6 6.97 35.01 41.98 OK
r-devel-linux-x86_64-debian-gcc 0.7-6 5.07 27.44 32.51 OK
r-devel-linux-x86_64-fedora-clang 0.7-6 51.32 NOTE
r-devel-linux-x86_64-fedora-gcc 0.7-6 54.98 NOTE
r-devel-windows-ix86+x86_64 0.7-6 23.00 66.00 89.00 OK
r-patched-linux-x86_64 0.7-6 5.74 34.89 40.63 OK
r-patched-solaris-x86 0.7-6 68.60 OK
r-release-linux-x86_64 0.7-6 5.99 34.96 40.95 OK
r-release-windows-ix86+x86_64 0.7-6 16.00 88.00 104.00 OK
r-release-osx-x86_64 0.7-6 OK
r-oldrel-windows-ix86+x86_64 0.7-6 13.00 73.00 86.00 OK
r-oldrel-osx-x86_64 0.7-6 OK

Check Details

Version: 0.7-6
Check: compiled code
Result: NOTE
    File ‘signal/libs/signal.so’:
     Found no calls to: ‘R_registerRoutines’, ‘R_useDynamicSymbols’
    
    It is good practice to register native routines and to disable symbol
    search.
    
    See ‘Writing portable packages’ in the ‘Writing R Extensions’ manual.
Flavors: r-devel-linux-x86_64-fedora-clang, r-devel-linux-x86_64-fedora-gcc