CRAN Package Check Results for Package sigmajs

Last updated on 2021-04-22 23:49:55 CEST.

Flavor Version Tinstall Tcheck Ttotal Status Flags
r-devel-linux-x86_64-debian-clang 0.1.5 4.98 54.64 59.62 OK
r-devel-linux-x86_64-debian-gcc 0.1.5 3.66 41.00 44.66 OK
r-devel-linux-x86_64-fedora-clang 0.1.5 79.58 NOTE
r-devel-linux-x86_64-fedora-gcc 0.1.5 69.20 NOTE
r-devel-windows-ix86+x86_64 0.1.5 11.00 78.00 89.00 OK
r-devel-windows-x86_64-gcc10-UCRT 0.1.5 NOTE
r-patched-linux-x86_64 0.1.5 5.70 52.17 57.87 OK
r-patched-solaris-x86 0.1.5 104.20 NOTE
r-release-linux-x86_64 0.1.5 4.46 51.58 56.04 OK
r-release-macos-x86_64 0.1.5 NOTE
r-release-windows-ix86+x86_64 0.1.5 12.00 66.00 78.00 OK
r-oldrel-macos-x86_64 0.1.5 NOTE
r-oldrel-windows-ix86+x86_64 0.1.5 31.00 74.00 105.00 OK

Check Details

Version: 0.1.5
Check: data for non-ASCII characters
Result: NOTE
     Note: found 28 marked UTF-8 strings
Flavors: r-devel-linux-x86_64-fedora-clang, r-devel-linux-x86_64-fedora-gcc, r-devel-windows-x86_64-gcc10-UCRT, r-patched-solaris-x86, r-release-macos-x86_64, r-oldrel-macos-x86_64