CRAN Package Check Results for Package sigmajs

Last updated on 2019-05-27 02:51:20 CEST.

Flavor Version Tinstall Tcheck Ttotal Status Flags
r-devel-linux-x86_64-debian-clang 0.1.3 4.41 71.26 75.67 OK
r-devel-linux-x86_64-debian-gcc 0.1.3 3.77 55.87 59.64 OK
r-devel-linux-x86_64-fedora-clang 0.1.3 88.99 NOTE
r-devel-linux-x86_64-fedora-gcc 0.1.3 87.14 NOTE
r-devel-windows-ix86+x86_64 0.1.3 13.00 141.00 154.00 OK
r-patched-linux-x86_64 0.1.3 OK
r-patched-solaris-x86 0.1.3 125.80 WARN
r-release-linux-x86_64 0.1.3 4.82 70.82 75.64 OK
r-release-windows-ix86+x86_64 0.1.3 22.00 146.00 168.00 OK
r-release-osx-x86_64 0.1.3 WARN
r-oldrel-windows-ix86+x86_64 0.1.3 17.00 82.00 99.00 OK
r-oldrel-osx-x86_64 0.1.3 WARN

Check Details

Version: 0.1.3
Check: data for non-ASCII characters
Result: NOTE
     Note: found 28 marked UTF-8 strings
Flavors: r-devel-linux-x86_64-fedora-clang, r-devel-linux-x86_64-fedora-gcc, r-patched-solaris-x86, r-release-osx-x86_64, r-oldrel-osx-x86_64

Version: 0.1.3
Check: installed package size
Result: NOTE
     installed size is 5.4Mb
     sub-directories of 1Mb or more:
     doc 4.6Mb
Flavor: r-patched-solaris-x86

Version: 0.1.3
Check: re-building of vignette outputs
Result: WARN
    Error(s) in re-building vignettes:
     ...
    --- re-building ‘animate.Rmd’ using rmarkdown
    Warning in engine$weave(file, quiet = quiet, encoding = enc) :
     Pandoc (>= 1.12.3) and/or pandoc-citeproc not available. Falling back to R Markdown v1.
    Quitting from lines 28-44 (animate.Rmd)
    Error: processing vignette 'animate.Rmd' failed with diagnostics:
    there is no package called 'webshot'
    --- failed re-building ‘animate.Rmd’
    
    --- re-building ‘buttons.Rmd’ using rmarkdown
    Warning in engine$weave(file, quiet = quiet, encoding = enc) :
     Pandoc (>= 1.12.3) and/or pandoc-citeproc not available. Falling back to R Markdown v1.
    Quitting from lines 51-65 (buttons.Rmd)
    Error: processing vignette 'buttons.Rmd' failed with diagnostics:
    there is no package called 'webshot'
    --- failed re-building ‘buttons.Rmd’
    
    --- re-building ‘cluster.Rmd’ using rmarkdown
    Warning in engine$weave(file, quiet = quiet, encoding = enc) :
     Pandoc (>= 1.12.3) and/or pandoc-citeproc not available. Falling back to R Markdown v1.
    Quitting from lines 24-32 (cluster.Rmd)
    Error: processing vignette 'cluster.Rmd' failed with diagnostics:
    there is no package called 'webshot'
    --- failed re-building ‘cluster.Rmd’
    
    --- re-building ‘dynamic.Rmd’ using rmarkdown
    Warning in engine$weave(file, quiet = quiet, encoding = enc) :
     Pandoc (>= 1.12.3) and/or pandoc-citeproc not available. Falling back to R Markdown v1.
    Quitting from lines 27-45 (dynamic.Rmd)
    Error: processing vignette 'dynamic.Rmd' failed with diagnostics:
    there is no package called 'webshot'
    --- failed re-building ‘dynamic.Rmd’
    
    --- re-building ‘formats.Rmd’ using rmarkdown
    Warning in engine$weave(file, quiet = quiet, encoding = enc) :
     Pandoc (>= 1.12.3) and/or pandoc-citeproc not available. Falling back to R Markdown v1.
    Quitting from lines 28-33 (formats.Rmd)
    Error: processing vignette 'formats.Rmd' failed with diagnostics:
    there is no package called 'webshot'
    --- failed re-building ‘formats.Rmd’
    
    --- re-building ‘get_started.Rmd’ using rmarkdown
    Warning in engine$weave(file, quiet = quiet, encoding = enc) :
     Pandoc (>= 1.12.3) and/or pandoc-citeproc not available. Falling back to R Markdown v1.
    Quitting from lines 70-77 (get_started.Rmd)
    Error: processing vignette 'get_started.Rmd' failed with diagnostics:
    there is no package called 'webshot'
    --- failed re-building ‘get_started.Rmd’
    
    --- re-building ‘layout.Rmd’ using rmarkdown
    Warning in engine$weave(file, quiet = quiet, encoding = enc) :
     Pandoc (>= 1.12.3) and/or pandoc-citeproc not available. Falling back to R Markdown v1.
    Quitting from lines 26-34 (layout.Rmd)
    Error: processing vignette 'layout.Rmd' failed with diagnostics:
    there is no package called 'webshot'
    --- failed re-building ‘layout.Rmd’
    
    --- re-building ‘plugins.Rmd’ using rmarkdown
    Warning in engine$weave(file, quiet = quiet, encoding = enc) :
     Pandoc (>= 1.12.3) and/or pandoc-citeproc not available. Falling back to R Markdown v1.
    Quitting from lines 44-58 (plugins.Rmd)
    Error: processing vignette 'plugins.Rmd' failed with diagnostics:
    there is no package called 'webshot'
    --- failed re-building ‘plugins.Rmd’
    
    --- re-building ‘settings.Rmd’ using rmarkdown
    Warning in engine$weave(file, quiet = quiet, encoding = enc) :
     Pandoc (>= 1.12.3) and/or pandoc-citeproc not available. Falling back to R Markdown v1.
    Quitting from lines 26-41 (settings.Rmd)
    Error: processing vignette 'settings.Rmd' failed with diagnostics:
    there is no package called 'webshot'
    --- failed re-building ‘settings.Rmd’
    
    --- re-building ‘shiny.Rmd’ using rmarkdown
    Warning in engine$weave(file, quiet = quiet, encoding = enc) :
     Pandoc (>= 1.12.3) and/or pandoc-citeproc not available. Falling back to R Markdown v1.
    --- finished re-building ‘shiny.Rmd’
    
    --- re-building ‘talkcross.Rmd’ using rmarkdown
    Warning in engine$weave(file, quiet = quiet, encoding = enc) :
     Pandoc (>= 1.12.3) and/or pandoc-citeproc not available. Falling back to R Markdown v1.
    --- finished re-building ‘talkcross.Rmd’
    
    SUMMARY: processing the following files failed:
     ‘animate.Rmd’ ‘buttons.Rmd’ ‘cluster.Rmd’ ‘dynamic.Rmd’ ‘formats.Rmd’
     ‘get_started.Rmd’ ‘layout.Rmd’ ‘plugins.Rmd’ ‘settings.Rmd’
    
    Error: Vignette re-building failed.
    Execution halted
Flavor: r-patched-solaris-x86

Version: 0.1.3
Check: re-building of vignette outputs
Result: WARN
    Error(s) in re-building vignettes:
    --- re-building ‘animate.Rmd’ using rmarkdown
    Warning in engine$weave(file, quiet = quiet, encoding = enc) :
     Pandoc (>= 1.12.3) and/or pandoc-citeproc not available. Falling back to R Markdown v1.
    Warning in normalizePath(f2) :
     path[1]="webshot1696f15a1d44.png": No such file or directory
    Warning in file(con, "rb") :
     cannot open file 'webshot1696f15a1d44.png': No such file or directory
    Quitting from lines 28-44 (animate.Rmd)
    Error: processing vignette 'animate.Rmd' failed with diagnostics:
    cannot open the connection
    --- failed re-building ‘animate.Rmd’
    
    --- re-building ‘buttons.Rmd’ using rmarkdown
    Warning in engine$weave(file, quiet = quiet, encoding = enc) :
     Pandoc (>= 1.12.3) and/or pandoc-citeproc not available. Falling back to R Markdown v1.
    Warning in normalizePath(f2) :
     path[1]="webshot16a205f537bec.png": No such file or directory
    Warning in file(con, "rb") :
     cannot open file 'webshot16a205f537bec.png': No such file or directory
    Quitting from lines 51-65 (buttons.Rmd)
    Error: processing vignette 'buttons.Rmd' failed with diagnostics:
    cannot open the connection
    --- failed re-building ‘buttons.Rmd’
    
    --- re-building ‘cluster.Rmd’ using rmarkdown
    Warning in engine$weave(file, quiet = quiet, encoding = enc) :
     Pandoc (>= 1.12.3) and/or pandoc-citeproc not available. Falling back to R Markdown v1.
    Warning in normalizePath(f2) :
     path[1]="webshot16a672be63975.png": No such file or directory
    Warning in file(con, "rb") :
     cannot open file 'webshot16a672be63975.png': No such file or directory
    Quitting from lines 24-32 (cluster.Rmd)
    Error: processing vignette 'cluster.Rmd' failed with diagnostics:
    cannot open the connection
    --- failed re-building ‘cluster.Rmd’
    
    --- re-building ‘dynamic.Rmd’ using rmarkdown
    Warning in engine$weave(file, quiet = quiet, encoding = enc) :
     Pandoc (>= 1.12.3) and/or pandoc-citeproc not available. Falling back to R Markdown v1.
    Warning in normalizePath(f2) :
     path[1]="webshot16ab136a75971.png": No such file or directory
    Warning in file(con, "rb") :
     cannot open file 'webshot16ab136a75971.png': No such file or directory
    Quitting from lines 27-45 (dynamic.Rmd)
    Error: processing vignette 'dynamic.Rmd' failed with diagnostics:
    cannot open the connection
    --- failed re-building ‘dynamic.Rmd’
    
    --- re-building ‘formats.Rmd’ using rmarkdown
    Warning in engine$weave(file, quiet = quiet, encoding = enc) :
     Pandoc (>= 1.12.3) and/or pandoc-citeproc not available. Falling back to R Markdown v1.
    Warning in normalizePath(f2) :
     path[1]="webshot16ad8770c6046.png": No such file or directory
    Warning in file(con, "rb") :
     cannot open file 'webshot16ad8770c6046.png': No such file or directory
    Quitting from lines 28-33 (formats.Rmd)
    Error: processing vignette 'formats.Rmd' failed with diagnostics:
    cannot open the connection
    --- failed re-building ‘formats.Rmd’
    
    --- re-building ‘get_started.Rmd’ using rmarkdown
    Warning in engine$weave(file, quiet = quiet, encoding = enc) :
     Pandoc (>= 1.12.3) and/or pandoc-citeproc not available. Falling back to R Markdown v1.
    Warning in normalizePath(f2) :
     path[1]="webshot16b50783ebf63.png": No such file or directory
    Warning in file(con, "rb") :
     cannot open file 'webshot16b50783ebf63.png': No such file or directory
    Quitting from lines 70-77 (get_started.Rmd)
    Error: processing vignette 'get_started.Rmd' failed with diagnostics:
    cannot open the connection
    --- failed re-building ‘get_started.Rmd’
    
    --- re-building ‘layout.Rmd’ using rmarkdown
    Warning in engine$weave(file, quiet = quiet, encoding = enc) :
     Pandoc (>= 1.12.3) and/or pandoc-citeproc not available. Falling back to R Markdown v1.
    Warning in normalizePath(f2) :
     path[1]="webshot16b8147e8d62d.png": No such file or directory
    Warning in file(con, "rb") :
     cannot open file 'webshot16b8147e8d62d.png': No such file or directory
    Quitting from lines 26-34 (layout.Rmd)
    Error: processing vignette 'layout.Rmd' failed with diagnostics:
    cannot open the connection
    --- failed re-building ‘layout.Rmd’
    
    --- re-building ‘plugins.Rmd’ using rmarkdown
    Warning in engine$weave(file, quiet = quiet, encoding = enc) :
     Pandoc (>= 1.12.3) and/or pandoc-citeproc not available. Falling back to R Markdown v1.
    Warning in normalizePath(f2) :
     path[1]="webshot16bcc2d3e0193.png": No such file or directory
    Warning in file(con, "rb") :
     cannot open file 'webshot16bcc2d3e0193.png': No such file or directory
    Quitting from lines 44-58 (plugins.Rmd)
    Error: processing vignette 'plugins.Rmd' failed with diagnostics:
    cannot open the connection
    --- failed re-building ‘plugins.Rmd’
    
    --- re-building ‘settings.Rmd’ using rmarkdown
    Warning in engine$weave(file, quiet = quiet, encoding = enc) :
     Pandoc (>= 1.12.3) and/or pandoc-citeproc not available. Falling back to R Markdown v1.
    Warning in normalizePath(f2) :
     path[1]="webshot16bf91f286af6.png": No such file or directory
    Warning in file(con, "rb") :
     cannot open file 'webshot16bf91f286af6.png': No such file or directory
    Quitting from lines 26-41 (settings.Rmd)
    Error: processing vignette 'settings.Rmd' failed with diagnostics:
    cannot open the connection
    --- failed re-building ‘settings.Rmd’
    
    --- re-building ‘shiny.Rmd’ using rmarkdown
    Warning in engine$weave(file, quiet = quiet, encoding = enc) :
     Pandoc (>= 1.12.3) and/or pandoc-citeproc not available. Falling back to R Markdown v1.
    --- finished re-building ‘shiny.Rmd’
    
    --- re-building ‘talkcross.Rmd’ using rmarkdown
    Warning in engine$weave(file, quiet = quiet, encoding = enc) :
     Pandoc (>= 1.12.3) and/or pandoc-citeproc not available. Falling back to R Markdown v1.
    --- finished re-building ‘talkcross.Rmd’
    
    SUMMARY: processing the following files failed:
     ‘animate.Rmd’ ‘buttons.Rmd’ ‘cluster.Rmd’ ‘dynamic.Rmd’ ‘formats.Rmd’
     ‘get_started.Rmd’ ‘layout.Rmd’ ‘plugins.Rmd’ ‘settings.Rmd’
    
    Error: Vignette re-building failed.
    Execution halted
Flavor: r-release-osx-x86_64

Version: 0.1.3
Check: re-building of vignette outputs
Result: WARN
    Error in re-building vignettes:
     ...
    Warning in engine$weave(file, quiet = quiet, encoding = enc) :
     Pandoc (>= 1.12.3) and/or pandoc-citeproc not available. Falling back to R Markdown v1.
    Warning in normalizePath(f2) :
     path[1]="webshot1057065329cc7.png": No such file or directory
    Warning in file(con, "rb") :
     cannot open file 'webshot1057065329cc7.png': No such file or directory
    Quitting from lines 28-44 (animate.Rmd)
    Error: processing vignette 'animate.Rmd' failed with diagnostics:
    cannot open the connection
    Execution halted
Flavor: r-oldrel-osx-x86_64