CRAN Package Check Results for Package shrinkTVP

Last updated on 2019-10-06 23:47:12 CEST.

Flavor Version Tinstall Tcheck Ttotal Status Flags
r-devel-linux-x86_64-debian-clang 1.0.2 100.82 45.93 146.75 OK
r-devel-linux-x86_64-debian-gcc 1.0.2 70.68 36.60 107.28 OK
r-devel-linux-x86_64-fedora-clang 1.1.1 224.12 NOTE
r-devel-linux-x86_64-fedora-gcc 1.0.2 191.46 OK
r-devel-windows-ix86+x86_64 1.0.2 255.00 90.00 345.00 OK
r-patched-linux-x86_64 1.0.2 74.17 45.36 119.53 OK
r-patched-solaris-x86 1.1.1 171.60 WARN
r-release-linux-x86_64 1.0.2 79.09 45.79 124.88 OK
r-release-windows-ix86+x86_64 1.0.2 171.00 89.00 260.00 OK
r-release-osx-x86_64 1.0.2 OK
r-oldrel-windows-ix86+x86_64 1.0.2 197.00 113.00 310.00 OK
r-oldrel-osx-x86_64 1.0.2 OK

Check Details

Version: 1.1.1
Check: installed package size
Result: NOTE
     installed size is 5.5Mb
     sub-directories of 1Mb or more:
     libs 4.7Mb
Flavor: r-devel-linux-x86_64-fedora-clang

Version: 1.1.1
Check: re-building of vignette outputs
Result: WARN
    Error(s) in re-building vignettes:
     ...
    --- re-building ‘shrinkTVP.ltx’ using tex
    Error: processing vignette 'shrinkTVP.ltx' failed with diagnostics:
    Running 'texi2dvi' on 'shrinkTVP.ltx' failed.
    LaTeX errors:
    ! Paragraph ended before \@tempa was complete.
    <to be read again>
     \par
    l.780
    
    ! LaTeX Error: Not in outer par mode.
    
    See the LaTeX manual or LaTeX Companion for explanation.
    Type H <return> for immediate help.
     ...
    ! Paragraph ended before \@tempa was complete.
    <to be read again>
     \par
    l.813
    
    ! LaTeX Error: Not in outer par mode.
    
    See the LaTeX manual or LaTeX Companion for explanation.
    Type H <return> for immediate help.
     ...
    ! Paragraph ended before \@tempa was complete.
    <to be read again>
     \par
    l.833
    
    ! LaTeX Error: Not in outer par mode.
    
    See the LaTeX manual or LaTeX Companion for explanation.
    Type H <return> for immediate help.
     ...
    ! Paragraph ended before \@tempa was complete.
    <to be read again>
     \par
    l.910
    
    ! LaTeX Error: Not in outer par mode.
    
    See the LaTeX manual or LaTeX Companion for explanation.
    Type H <return> for immediate help.
     ...
    ! Paragraph ended before \@tempa was complete.
    <to be read again>
     \par
    l.1045
    
    ! LaTeX Error: Not in outer par mode.
    
    See the LaTeX manual or LaTeX Companion for explanation.
    Type H <return> for immediate help.
     ...
    ! Paragraph ended before \@tempa was complete.
    <to be read again>
     \par
    l.1065
    
    ! LaTeX Error: Not in outer par mode.
    
    See the LaTeX manual or LaTeX Companion for explanation.
    Type H <return> for immediate help.
     ...
    ! Paragraph ended before \@tempa was complete.
    <to be read again>
     \par
    l.1074
    
    ! LaTeX Error: \begin{figure} on input line 1067 ended by \end{document}.
    
    See the LaTeX manual or LaTeX Companion for explanation.
    Type H <return> for immediate help.
     ...
    ! You can't use `\end' in internal vertical mode.
    \enddocument ...es \z@ \Call@AtVeryVeryEnd \@@end
    
    l.1270 \end{document}
    
    ! LaTeX Error: \begin{figure} on input line 1067 ended by \end{document}.
    
    See the LaTeX manual or LaTeX Companion for explanation.
    Type H <return> for immediate help.
     ...
    ! Emergency stop.
    <*> \nonstopmode \input ./shrinkTVP.ltx
    
    *** (job aborted, no legal \end found)
    
    ! ==> Fatal error occurred, no output PDF file produced!
    --- failed re-building ‘shrinkTVP.ltx’
    
    SUMMARY: processing the following file failed:
     ‘shrinkTVP.ltx’
    
    Error: Vignette re-building failed.
    Execution halted
Flavor: r-patched-solaris-x86