CRAN Package Check Results for Package shrinkTVP

Last updated on 2020-02-17 00:49:27 CET.

Flavor Version Tinstall Tcheck Ttotal Status Flags
r-devel-linux-x86_64-debian-clang 1.1.1 120.00 52.84 172.84 OK
r-devel-linux-x86_64-debian-gcc 1.1.1 78.71 41.84 120.55 OK
r-devel-linux-x86_64-fedora-clang 1.1.1 238.13 NOTE
r-devel-linux-x86_64-fedora-gcc 1.1.1 220.28 OK
r-devel-windows-ix86+x86_64 1.1.1 230.00 91.00 321.00 OK
r-devel-windows-ix86+x86_64-gcc8 1.1.1 310.00 96.00 406.00 OK
r-patched-linux-x86_64 1.1.1 91.55 49.70 141.25 OK
r-patched-solaris-x86 1.1.1 229.70 OK
r-release-linux-x86_64 1.1.1 88.84 49.45 138.29 OK
r-release-windows-ix86+x86_64 1.1.1 217.00 96.00 313.00 OK
r-release-osx-x86_64 1.1.1 NOTE
r-oldrel-windows-ix86+x86_64 1.1.1 209.00 103.00 312.00 OK
r-oldrel-osx-x86_64 1.1.1 OK

Check Details

Version: 1.1.1
Check: installed package size
Result: NOTE
     installed size is 5.7Mb
     sub-directories of 1Mb or more:
     libs 4.9Mb
Flavors: r-devel-linux-x86_64-fedora-clang, r-release-osx-x86_64