CRAN Package Check Results for Package shortcuts

Last updated on 2021-02-25 23:49:11 CET.

Flavor Version Tinstall Tcheck Ttotal Status Flags
r-devel-linux-x86_64-debian-clang 1.4.0 2.20 21.37 23.57 OK
r-devel-linux-x86_64-debian-gcc 1.4.0 1.71 16.79 18.50 OK
r-devel-linux-x86_64-fedora-clang 1.4.0 39.64 OK
r-devel-linux-x86_64-fedora-gcc 1.4.0 28.10 OK
r-devel-windows-ix86+x86_64 1.4.0 4.00 28.00 32.00 OK
r-patched-linux-x86_64 1.4.0 2.14 20.62 22.76 OK
r-patched-solaris-x86 1.4.0 43.20 OK
r-release-linux-x86_64 1.4.0 2.01 20.52 22.53 OK
r-release-macos-x86_64 1.4.0 OK
r-release-windows-ix86+x86_64 1.4.0 15.00 16.00 31.00 ERROR
r-oldrel-macos-x86_64 1.4.0 OK
r-oldrel-windows-ix86+x86_64 1.4.0 3.00 33.00 36.00 OK

Check Details

Version: 1.4.0
Check: whether package can be installed
Result: ERROR
    Installation failed.
    See *
Flavor: r-release-windows-ix86+x86_64