CRAN Package Check Results for Package shinytest2

Last updated on 2022-08-18 23:58:38 CEST.

Flavor Version Tinstall Tcheck Ttotal Status Flags
r-devel-linux-x86_64-debian-clang 0.1.0 7.93 66.86 74.79 NOTE
r-devel-linux-x86_64-debian-gcc 0.1.0 8.22 50.93 59.15 NOTE
r-devel-linux-x86_64-fedora-clang 0.1.0 104.98 NOTE
r-devel-linux-x86_64-fedora-gcc 0.1.0 101.71 NOTE
r-devel-windows-x86_64 0.1.0 68.00 117.00 185.00 NOTE
r-patched-linux-x86_64 0.1.0 14.56 64.55 79.11 NOTE
r-release-linux-x86_64 0.1.0 NOTE
r-release-macos-arm64 0.1.0 37.00 OK
r-release-macos-x86_64 0.1.0 55.00 OK
r-release-windows-x86_64 0.1.0 74.00 126.00 200.00 OK
r-oldrel-macos-arm64 0.1.0 38.00 OK
r-oldrel-macos-x86_64 0.1.0 57.00 OK
r-oldrel-windows-ix86+x86_64 0.1.0 17.00 103.00 120.00 OK

Check Details

Version: 0.1.0
Check: dependencies in R code
Result: NOTE
    
     *** caught segfault ***
    address 0x18, cause 'memory not mapped'
    An irrecoverable exception occurred. R is aborting now ...
    Segmentation fault
Flavors: r-devel-linux-x86_64-debian-clang, r-devel-linux-x86_64-debian-gcc, r-patched-linux-x86_64, r-release-linux-x86_64

Version: 0.1.0
Check: HTML version of manual
Result: NOTE
    Found the following HTML validation problems:
    AppDriver.html:71:42: Warning: inserting implicit <p>
    AppDriver.html:120:67: Warning: inserting implicit <p>
    AppDriver.html:71:42: Warning: trimming empty <p>
    AppDriver.html:120:67: Warning: trimming empty <p>
    test_app.html:67:44: Warning: inserting implicit <p>
    test_app.html:106:50: Warning: inserting implicit <p>
    test_app.html:67:44: Warning: trimming empty <p>
    test_app.html:106:50: Warning: trimming empty <p>
Flavors: r-devel-linux-x86_64-debian-clang, r-devel-linux-x86_64-debian-gcc

Version: 0.1.0
Check: HTML version of manual
Result: NOTE
    Found the following HTML validation problems:
    AppDriver.html:71:42: Warning: inserting implicit <p>
    AppDriver.html:120:67: Warning: inserting implicit <p>
    test_app.html:67:44: Warning: inserting implicit <p>
    test_app.html:106:50: Warning: inserting implicit <p>
Flavors: r-devel-linux-x86_64-fedora-clang, r-devel-linux-x86_64-fedora-gcc

Version: 0.1.0
Check: HTML version of manual
Result: NOTE
    Found the following HTML validation problems:
    AppDriver.html:71:42: Warning: inserting implicit <p>
    
    
    AppDriver.html:120:67: Warning: inserting implicit <p>
    
    
    AppDriver.html:71:42: Warning: trimming empty <p>
    
    
    AppDriver.html:120:67: Warning: trimming empty <p>
    
    
    test_app.html:67:44: Warning: inserting implicit <p>
    
    
    test_app.html:106:50: Warning: inserting implicit <p>
    
    
    test_app.html:67:44: Warning: trimming empty <p>
    
    
    test_app.html:106:50: Warning: trimming empty <p>
Flavor: r-devel-windows-x86_64