CRAN Package Check Results for Package shinystan

Last updated on 2024-06-23 00:56:48 CEST.

Flavor Version Tinstall Tcheck Ttotal Status Flags
r-devel-linux-x86_64-debian-clang 2.6.0 35.81 203.50 239.31 NOTE
r-devel-linux-x86_64-debian-gcc 2.6.0 26.32 149.54 175.86 NOTE
r-devel-linux-x86_64-fedora-clang 2.6.0 306.51 NOTE
r-devel-linux-x86_64-fedora-gcc 2.6.0 286.01 NOTE
r-devel-windows-x86_64 2.6.0 20.00 149.00 169.00 NOTE
r-patched-linux-x86_64 2.6.0 20.90 197.79 218.69 NOTE
r-release-linux-x86_64 2.6.0 29.60 197.90 227.50 NOTE
r-release-macos-arm64 2.6.0 79.00 NOTE
r-release-macos-x86_64 2.6.0 139.00 NOTE
r-release-windows-x86_64 2.6.0 18.00 151.00 169.00 NOTE
r-oldrel-macos-arm64 2.6.0 68.00 NOTE
r-oldrel-macos-x86_64 2.6.0 106.00 NOTE
r-oldrel-windows-x86_64 2.6.0 24.00 174.00 198.00 NOTE

Check Details

Version: 2.6.0
Check: package dependencies
Result: NOTE Package suggested but not available for checking: ‘cmdstanr’ Flavors: r-devel-linux-x86_64-debian-clang, r-devel-linux-x86_64-debian-gcc, r-devel-linux-x86_64-fedora-clang, r-devel-linux-x86_64-fedora-gcc, r-devel-windows-x86_64, r-patched-linux-x86_64, r-release-linux-x86_64, r-release-macos-arm64, r-release-macos-x86_64, r-release-windows-x86_64, r-oldrel-macos-arm64, r-oldrel-macos-x86_64, r-oldrel-windows-x86_64