CRAN Package Check Results for Package shinyservicebot

Last updated on 2021-04-21 23:48:17 CEST.

Flavor Version Tinstall Tcheck Ttotal Status Flags
r-devel-linux-x86_64-debian-clang 0.1.0 2.43 27.80 30.23 NOTE
r-devel-linux-x86_64-debian-gcc 0.1.0 1.87 22.13 24.00 NOTE
r-devel-linux-x86_64-fedora-clang 0.1.0 46.02 NOTE
r-devel-linux-x86_64-fedora-gcc 0.1.0 36.14 NOTE
r-devel-windows-ix86+x86_64 0.1.0 6.00 46.00 52.00 NOTE
r-devel-windows-x86_64-gcc10-UCRT 0.1.0 NOTE
r-patched-linux-x86_64 0.1.0 2.36 27.01 29.37 OK
r-patched-solaris-x86 0.1.0 57.30 OK
r-release-linux-x86_64 0.1.0 2.12 27.00 29.12 OK
r-release-macos-x86_64 0.1.0 OK
r-release-windows-ix86+x86_64 0.1.0 6.00 52.00 58.00 OK
r-oldrel-macos-x86_64 0.1.0 OK
r-oldrel-windows-ix86+x86_64 0.1.0 19.00 42.00 61.00 OK

Check Details

Version: 0.1.0
Check: LazyData
Result: NOTE
     'LazyData' is specified without a 'data' directory
Flavors: r-devel-linux-x86_64-debian-clang, r-devel-linux-x86_64-debian-gcc, r-devel-linux-x86_64-fedora-clang, r-devel-linux-x86_64-fedora-gcc, r-devel-windows-ix86+x86_64, r-devel-windows-x86_64-gcc10-UCRT