CRAN Package Check Results for Package shinyr

Last updated on 2022-12-03 23:56:26 CET.

Flavor Version Tinstall Tcheck Ttotal Status Flags
r-devel-linux-x86_64-debian-clang 0.3.0 17.92 158.25 176.17 OK
r-devel-linux-x86_64-debian-gcc 0.3.0 15.64 121.86 137.50 OK
r-devel-linux-x86_64-fedora-clang 0.3.0 223.43 NOTE
r-devel-linux-x86_64-fedora-gcc 0.3.0 233.22 NOTE
r-devel-windows-x86_64 0.3.0 54.00 196.00 250.00 OK
r-patched-linux-x86_64 0.3.0 17.27 149.34 166.61 OK
r-release-linux-x86_64 0.3.0 13.90 158.82 172.72 OK
r-release-macos-arm64 0.3.0 62.00 NOTE
r-release-macos-x86_64 0.3.0 110.00 NOTE
r-release-windows-x86_64 0.3.0 45.00 207.00 252.00 OK
r-oldrel-macos-arm64 0.3.0 65.00 NOTE
r-oldrel-macos-x86_64 0.3.0 81.00 NOTE
r-oldrel-windows-ix86+x86_64 0.3.0 43.00 178.00 221.00 OK

Check Details

Version: 0.3.0
Check: dependencies in R code
Result: NOTE
    Namespaces in Imports field not imported from:
     ‘e1071’ ‘knitr’
     All declared Imports should be used.
Flavors: r-devel-linux-x86_64-fedora-clang, r-devel-linux-x86_64-fedora-gcc, r-release-macos-arm64, r-release-macos-x86_64, r-oldrel-macos-arm64, r-oldrel-macos-x86_64